CRAN Package Check Results for Package glow

Last updated on 2021-11-30 19:51:24 CET.

Flavor Version Tinstall Tcheck Ttotal Status Flags
r-devel-linux-x86_64-debian-clang 0.10.1 35.48 63.19 98.67 OK
r-devel-linux-x86_64-debian-gcc 0.10.1 25.49 47.05 72.54 OK
r-devel-linux-x86_64-fedora-clang 0.10.1 142.35 NOTE
r-devel-linux-x86_64-fedora-gcc 0.10.1 124.67 NOTE
r-devel-windows-x86_64-new-UL 0.10.1 57.00 156.00 213.00 OK
r-devel-windows-x86_64-new-TK 0.10.1 NOTE
r-devel-windows-x86_64-old 0.10.1 51.00 92.00 143.00 OK
r-patched-linux-x86_64 0.10.1 33.98 59.92 93.90 OK
r-patched-solaris-x86 0.10.1 146.40 NOTE
r-release-linux-x86_64 0.10.1 32.30 59.56 91.86 OK
r-release-macos-arm64 0.10.1 NOTE
r-release-macos-x86_64 0.10.1 NOTE
r-release-windows-ix86+x86_64 0.10.1 86.00 104.00 190.00 OK
r-oldrel-macos-x86_64 0.10.1 NOTE
r-oldrel-windows-ix86+x86_64 0.10.1 60.00 102.00 162.00 OK

Check Details

Version: 0.10.1
Check: installed package size
Result: NOTE
     installed size is 11.3Mb
     sub-directories of 1Mb or more:
     doc 2.4Mb
     libs 8.7Mb
Flavors: r-devel-linux-x86_64-fedora-clang, r-release-macos-arm64, r-release-macos-x86_64, r-oldrel-macos-x86_64

Version: 0.10.1
Check: dependencies in R code
Result: NOTE
    Namespace in Imports field not imported from: ‘scales’
     All declared Imports should be used.
Flavors: r-devel-linux-x86_64-fedora-clang, r-devel-linux-x86_64-fedora-gcc, r-devel-windows-x86_64-new-TK, r-patched-solaris-x86, r-release-macos-arm64, r-release-macos-x86_64, r-oldrel-macos-x86_64