CRAN Package Check Results for Package glober

Last updated on 2024-02-21 19:53:15 CET.

Flavor Version Tinstall Tcheck Ttotal Status Flags
r-devel-linux-x86_64-debian-clang 1.0 OK
r-devel-linux-x86_64-debian-gcc 1.0 9.87 92.28 102.15 OK
r-devel-linux-x86_64-fedora-clang 1.0 170.66 OK
r-devel-linux-x86_64-fedora-gcc 1.0 183.05 OK
r-devel-windows-x86_64 1.0 12.00 106.00 118.00 OK
r-patched-linux-x86_64 1.0 9.58 119.24 128.82 OK
r-release-linux-x86_64 1.0 8.66 120.41 129.07 OK
r-release-macos-arm64 1.0 57.00 OK
r-release-macos-x86_64 1.0 128.00 OK
r-release-windows-x86_64 1.0 15.00 125.00 140.00 OK
r-oldrel-macos-arm64 1.0 70.00 ERROR
r-oldrel-windows-x86_64 1.0 15.00 131.00 146.00 OK

Check Details

Version: 1.0
Check: PDF version of manual
Result: WARN LaTeX errors when creating PDF version. This typically indicates Rd problems. LaTeX errors found: ! Undefined control sequence. <recently read> \mathbb l.97 ...ong to a compact set of \eqn{\mathbb{R}}{} . ! Undefined control sequence. <recently read> \mathbb l.161 ... to a compact set of \eqn{\mathbb{R}^2}{} . Flavor: r-oldrel-macos-arm64

Version: 1.0
Check: PDF version of manual without index
Result: ERROR
Flavor: r-oldrel-macos-arm64