CRAN Package Check Results for Package glmx

Last updated on 2024-02-22 19:55:33 CET.

Flavor Version Tinstall Tcheck Ttotal Status Flags
r-devel-linux-x86_64-debian-clang 0.2-0 OK
r-devel-linux-x86_64-debian-gcc 0.2-0 3.27 35.04 38.31 OK
r-devel-linux-x86_64-fedora-clang 0.2-0 62.01 OK
r-devel-linux-x86_64-fedora-gcc 0.2-0 60.80 OK
r-devel-windows-x86_64 0.2-0 5.00 59.00 64.00 OK
r-patched-linux-x86_64 0.2-0 4.75 42.84 47.59 OK
r-release-linux-x86_64 0.2-0 4.40 43.07 47.47 OK
r-release-macos-arm64 0.2-0 26.00 OK
r-release-macos-x86_64 0.2-0 37.00 NOTE
r-release-windows-x86_64 0.2-0 7.00 63.00 70.00 OK
r-oldrel-macos-arm64 0.2-0 22.00 OK
r-oldrel-windows-x86_64 0.2-0 6.00 65.00 71.00 OK

Check Details

Version: 0.2-0
Check: package dependencies
Result: NOTE Package suggested but not available for checking: ‘AER’ Flavor: r-release-macos-x86_64