CRAN Package Check Results for Package glmtoolbox

Last updated on 2021-09-22 08:50:10 CEST.

Flavor Version Tinstall Tcheck Ttotal Status Flags
r-devel-linux-x86_64-debian-clang 0.1.1 10.03 128.04 138.07 OK
r-devel-linux-x86_64-debian-gcc 0.1.1 8.58 90.10 98.68 OK
r-devel-linux-x86_64-fedora-clang 0.1.1 167.64 OK
r-devel-linux-x86_64-fedora-gcc 0.1.1 155.07 OK
r-devel-windows-x86_64 0.1.1 10.00 110.00 120.00 OK
r-devel-windows-x86_64-gcc10-UCRT 0.1.1 ERROR
r-patched-linux-x86_64 0.1.1 10.23 119.92 130.15 OK
r-patched-solaris-x86 0.1.1 183.50 OK
r-release-linux-x86_64 0.1.1 9.80 119.37 129.17 OK
r-release-macos-arm64 0.1.1 OK
r-release-macos-x86_64 0.1.1 OK
r-release-windows-ix86+x86_64 0.1.1 18.00 107.00 125.00 OK
r-oldrel-macos-x86_64 0.1.1 OK
r-oldrel-windows-ix86+x86_64 0.1.1 15.00 101.00 116.00 OK

Check Details

Version: 0.1.1
Check: PDF version of manual
Result: WARN
    LaTeX errors when creating PDF version.
    This typically indicates Rd problems.
Flavor: r-devel-windows-x86_64-gcc10-UCRT

Version: 0.1.1
Check: PDF version of manual without hyperrefs or index
Result: ERROR
    Re-running with no redirection of stdout/stderr.
Flavor: r-devel-windows-x86_64-gcc10-UCRT