CRAN Package Check Results for Package glmmrBase

Last updated on 2024-03-02 07:50:04 CET.

Flavor Version Tinstall Tcheck Ttotal Status Flags
r-devel-linux-x86_64-debian-clang 0.6.2 722.57 80.00 802.57 OK
r-devel-linux-x86_64-debian-gcc 0.7.1 1535.59 249.58 1785.17 NOTE
r-devel-linux-x86_64-fedora-clang 0.7.1 2125.70 NOTE
r-devel-linux-x86_64-fedora-gcc 0.7.1 2610.22 NOTE
r-devel-windows-x86_64 0.7.1 1021.00 287.00 1308.00 NOTE
r-patched-linux-x86_64 0.7.1 1109.39 292.00 1401.39 NOTE
r-release-linux-x86_64 0.7.1 0.02 2.29 2.31 ERROR
r-release-macos-arm64 0.7.1 468.00 NOTE
r-release-macos-x86_64 0.7.1 432.00 NOTE
r-release-windows-x86_64 0.7.1 1638.00 362.00 2000.00 NOTE
r-oldrel-macos-arm64 0.7.1 460.00 NOTE
r-oldrel-windows-x86_64 0.7.1 716.00 289.00 1005.00 NOTE

Check Details

Version: 0.7.1
Check: for GNU extensions in Makefiles
Result: NOTE GNU make is a SystemRequirements. Flavors: r-devel-linux-x86_64-debian-gcc, r-devel-linux-x86_64-fedora-clang, r-devel-linux-x86_64-fedora-gcc, r-devel-windows-x86_64, r-patched-linux-x86_64, r-release-macos-arm64, r-release-macos-x86_64, r-release-windows-x86_64, r-oldrel-macos-arm64, r-oldrel-windows-x86_64

Version: 0.7.1
Check: installed package size
Result: NOTE installed size is 11.6Mb sub-directories of 1Mb or more: libs 10.2Mb Flavors: r-devel-linux-x86_64-fedora-clang, r-devel-windows-x86_64, r-release-macos-arm64, r-release-macos-x86_64, r-release-windows-x86_64, r-oldrel-macos-arm64, r-oldrel-windows-x86_64

Version: 0.7.1
Check: dependencies in R code
Result: NOTE Namespace in Imports field not imported from: ‘rstantools’ All declared Imports should be used. Flavors: r-devel-linux-x86_64-fedora-clang, r-devel-linux-x86_64-fedora-gcc

Version: 0.7.1
Check: whether package can be installed
Result: ERROR Installation failed. Flavor: r-release-linux-x86_64