Last updated on 2023-06-08 21:52:08 CEST.
Flavor | Version | Tinstall | Tcheck | Ttotal | Status | Flags |
---|---|---|---|---|---|---|
r-devel-linux-x86_64-debian-clang | 1.1.7 | 254.63 | 317.23 | 571.86 | OK | |
r-devel-linux-x86_64-debian-gcc | 1.1.7 | 219.56 | 247.23 | 466.79 | OK | |
r-devel-linux-x86_64-fedora-clang | 1.1.7 | 707.18 | NOTE | |||
r-devel-linux-x86_64-fedora-gcc | 1.1.7 | 792.12 | OK | |||
r-devel-windows-x86_64 | 1.1.7 | 222.00 | 273.00 | 495.00 | NOTE | --no-vignettes |
r-patched-linux-x86_64 | 1.1.7 | 225.21 | 308.08 | 533.29 | OK | |
r-release-linux-x86_64 | 1.1.7 | 207.98 | 304.97 | 512.95 | OK | |
r-release-macos-arm64 | 1.1.7 | 223.00 | NOTE | |||
r-release-macos-x86_64 | 1.1.7 | 382.00 | NOTE | |||
r-release-windows-x86_64 | 1.1.7 | 281.00 | 306.00 | 587.00 | NOTE | --no-vignettes |
r-oldrel-macos-arm64 | 1.1.7 | 212.00 | NOTE | |||
r-oldrel-macos-x86_64 | 1.1.7 | 252.00 | NOTE | |||
r-oldrel-windows-x86_64 | 1.1.7 | 264.00 | 325.00 | 589.00 | NOTE | --no-vignettes |
Version: 1.1.7
Check: installed package size
Result: NOTE
installed size is 11.4Mb
sub-directories of 1Mb or more:
doc 1.3Mb
libs 6.2Mb
test_data 2.2Mb
vignette_data 1.1Mb
Flavors: r-devel-linux-x86_64-fedora-clang, r-release-macos-arm64, r-release-macos-x86_64, r-oldrel-macos-arm64, r-oldrel-macos-x86_64
Version: 1.1.7
Flags: --no-vignettes
Check: installed package size
Result: NOTE
installed size is 9.4Mb
sub-directories of 1Mb or more:
doc 1.3Mb
libs 4.3Mb
test_data 2.2Mb
vignette_data 1.1Mb
Flavors: r-devel-windows-x86_64, r-release-windows-x86_64, r-oldrel-windows-x86_64