CRAN Package Check Results for Package glmmLasso

Last updated on 2024-02-23 07:52:10 CET.

Flavor Version Tinstall Tcheck Ttotal Status Flags
r-devel-linux-x86_64-debian-clang 1.6.3 OK
r-devel-linux-x86_64-debian-gcc 1.6.3 63.03 125.97 189.00 OK
r-devel-linux-x86_64-fedora-clang 1.6.3 321.93 NOTE
r-devel-linux-x86_64-fedora-gcc 1.6.3 321.50 OK
r-devel-windows-x86_64 1.6.3 61.00 137.00 198.00 OK
r-patched-linux-x86_64 1.6.3 77.15 170.00 247.15 OK
r-release-linux-x86_64 1.6.3 79.18 171.81 250.99 OK
r-release-macos-arm64 1.6.3 73.00 NOTE
r-release-macos-x86_64 1.6.3 179.00 NOTE
r-release-windows-x86_64 1.6.3 81.00 170.00 251.00 OK
r-oldrel-macos-arm64 1.6.3 68.00 NOTE
r-oldrel-windows-x86_64 1.6.3 78.00 169.00 247.00 OK

Check Details

Version: 1.6.3
Check: Rd cross-references
Result: NOTE Undeclared package ‘GMMBoost’ in Rd xrefs Flavor: r-devel-linux-x86_64-fedora-clang

Version: 1.6.3
Check: installed package size
Result: NOTE installed size is 7.9Mb sub-directories of 1Mb or more: libs 7.3Mb Flavors: r-release-macos-arm64, r-release-macos-x86_64, r-oldrel-macos-arm64