CRAN Package Check Results for Package glamlasso

Last updated on 2021-12-03 07:50:20 CET.

Flavor Version Tinstall Tcheck Ttotal Status Flags
r-devel-linux-x86_64-debian-clang 3.0.1 132.84 32.20 165.04 OK
r-devel-linux-x86_64-debian-gcc 3.0.1 102.33 25.39 127.72 OK
r-devel-linux-x86_64-fedora-clang 3.0.1 258.83 NOTE
r-devel-linux-x86_64-fedora-gcc 3.0.1 182.32 OK
r-devel-windows-x86_64-new-UL 3.0.1 120.00 93.00 213.00 OK
r-devel-windows-x86_64-new-TK 3.0.1 OK
r-devel-windows-x86_64-old 3.0.1 102.00 51.00 153.00 OK
r-patched-linux-x86_64 3.0.1 92.43 30.78 123.21 OK
r-patched-solaris-x86 3.0.1 182.20 OK
r-release-linux-x86_64 3.0.1 87.01 31.16 118.17 OK
r-release-macos-arm64 3.0.1 NOTE
r-release-macos-x86_64 3.0.1 NOTE
r-release-windows-ix86+x86_64 3.0.1 199.00 77.00 276.00 OK
r-oldrel-macos-x86_64 3.0.1 NOTE
r-oldrel-windows-ix86+x86_64 3.0.1 194.00 80.00 274.00 OK

Check Details

Version: 3.0.1
Check: installed package size
Result: NOTE
     installed size is 9.5Mb
     sub-directories of 1Mb or more:
     libs 9.4Mb
Flavors: r-devel-linux-x86_64-fedora-clang, r-release-macos-arm64, r-release-macos-x86_64, r-oldrel-macos-x86_64