CRAN Package Check Results for Package gitlabr

Last updated on 2019-12-07 08:49:27 CET.

Flavor Version Tinstall Tcheck Ttotal Status Flags
r-devel-linux-x86_64-debian-clang 1.1.6 4.69 41.06 45.75 NOTE
r-devel-linux-x86_64-debian-gcc 1.1.6 4.00 31.27 35.27 NOTE
r-devel-linux-x86_64-fedora-clang 1.1.6 53.08 NOTE
r-devel-linux-x86_64-fedora-gcc 1.1.6 51.85 NOTE
r-devel-windows-ix86+x86_64 1.1.6 14.00 87.00 101.00 OK
r-devel-windows-ix86+x86_64-gcc8 1.1.6 13.00 62.00 75.00 OK
r-patched-linux-x86_64 1.1.6 3.65 36.91 40.56 OK
r-patched-solaris-x86 1.1.6 78.30 OK
r-release-linux-x86_64 1.1.6 4.58 36.66 41.24 OK
r-release-windows-ix86+x86_64 1.1.6 13.00 55.00 68.00 OK
r-release-osx-x86_64 1.1.6 OK
r-oldrel-windows-ix86+x86_64 1.1.6 8.00 78.00 86.00 OK
r-oldrel-osx-x86_64 1.1.6 OK

Check Details

Version: 1.1.6
Check: for non-standard things in the check directory
Result: NOTE
    Found the following files/directories:
     '.gitlab-ci.yml'
Flavors: r-devel-linux-x86_64-debian-clang, r-devel-linux-x86_64-debian-gcc, r-devel-linux-x86_64-fedora-clang, r-devel-linux-x86_64-fedora-gcc