CRAN Package Check Results for Package gitlabr

Last updated on 2019-08-17 11:47:25 CEST.

Flavor Version Tinstall Tcheck Ttotal Status Flags
r-devel-linux-x86_64-debian-clang 1.1.6 4.01 38.18 42.19 NOTE
r-devel-linux-x86_64-debian-gcc 1.1.6 3.60 29.95 33.55 NOTE
r-devel-linux-x86_64-fedora-clang 1.1.6 51.58 NOTE
r-devel-linux-x86_64-fedora-gcc 1.1.6 49.15 NOTE
r-devel-windows-ix86+x86_64 1.1.6 19.00 83.00 102.00 OK
r-patched-linux-x86_64 1.1.6 3.98 37.77 41.75 OK
r-patched-solaris-x86 1.1.6 83.50 OK
r-release-linux-x86_64 1.1.6 4.16 37.25 41.41 OK
r-release-windows-ix86+x86_64 1.1.6 19.00 75.00 94.00 OK
r-release-osx-x86_64 1.1.6 OK
r-oldrel-windows-ix86+x86_64 1.1.6 11.00 81.00 92.00 OK
r-oldrel-osx-x86_64 1.1.6 OK

Check Details

Version: 1.1.6
Check: for non-standard things in the check directory
Result: NOTE
    Found the following files/directories:
     '.gitlab-ci.yml'
Flavors: r-devel-linux-x86_64-debian-clang, r-devel-linux-x86_64-debian-gcc, r-devel-linux-x86_64-fedora-clang, r-devel-linux-x86_64-fedora-gcc