CRAN Package Check Results for Package gitdown

Last updated on 2021-11-29 07:51:11 CET.

Flavor Version Tinstall Tcheck Ttotal Status Flags
r-devel-linux-x86_64-debian-clang 0.1.3 OK
r-devel-linux-x86_64-debian-gcc 0.1.3 4.08 47.51 51.59 OK
r-devel-linux-x86_64-fedora-clang 0.1.3 91.29 OK
r-devel-linux-x86_64-fedora-gcc 0.1.3 79.29 OK
r-devel-windows-x86_64-new-UL 0.1.3 14.00 118.00 132.00 ERROR
r-devel-windows-x86_64-new-TK 0.1.3 OK
r-devel-windows-x86_64-old 0.1.3 9.00 75.00 84.00 OK
r-patched-linux-x86_64 0.1.3 4.55 57.10 61.65 OK
r-patched-solaris-x86 0.1.3 103.80 OK
r-release-linux-x86_64 0.1.3 4.40 57.66 62.06 OK
r-release-macos-arm64 0.1.3 OK
r-release-macos-x86_64 0.1.3 OK
r-release-windows-ix86+x86_64 0.1.3 13.00 86.00 99.00 OK
r-oldrel-macos-x86_64 0.1.3 OK
r-oldrel-windows-ix86+x86_64 0.1.3 14.00 89.00 103.00 OK

Check Details

Version: 0.1.3
Check: tests
Result: ERROR
     Running 'testthat.R' [12s]
    Running the tests in 'tests/testthat.R' failed.
    Complete output:
     > library(testthat)
     > library(gitdown)
     >
     > test_check("gitdown")
     inline R code fragments
    
     "C:/PROGRA~1/Pandoc/pandoc" +RTS -K512m -RTS index.knit.md --to html4 --from markdown+autolink_bare_uris+tex_math_single_backslash --output index.html --lua-filter "D:\RCompile\CRANpkg\lib\4.2\bookdown\rmarkdown\lua\custom-environment.lua" --lua-filter "D:\RCompile\CRANpkg\lib\4.2\rmarkdown\rmarkdown\lua\pagebreak.lua" --lua-filter "D:\RCompile\CRANpkg\lib\4.2\rmarkdown\rmarkdown\lua\latex-div.lua" --metadata-file "D:\temp\Rtmpu08VgS\fileec44125d1956" --wrap preserve --standalone --section-divs --table-of-contents --toc-depth 3 --template "D:\RCompile\CRANpkg\lib\4.2\bookdown\templates\gitbook.html" --highlight-style pygments --number-sections --css style.css --include-in-header "D:\temp\Rtmpu08VgS\rmarkdown-strec44754f3db9.html" --mathjax
     inline R code fragments
    
     "C:/PROGRA~1/Pandoc/pandoc" +RTS -K512m -RTS index.knit.md --to html4 --from markdown+autolink_bare_uris+tex_math_single_backslash --output index.html --lua-filter "D:\RCompile\CRANpkg\lib\4.2\bookdown\rmarkdown\lua\custom-environment.lua" --lua-filter "D:\RCompile\CRANpkg\lib\4.2\rmarkdown\rmarkdown\lua\pagebreak.lua" --lua-filter "D:\RCompile\CRANpkg\lib\4.2\rmarkdown\rmarkdown\lua\latex-div.lua" --metadata-file "D:\temp\Rtmpu08VgS\fileec442cb810dc" --wrap preserve --standalone --section-divs --table-of-contents --toc-depth 3 --template "D:\RCompile\CRANpkg\lib\4.2\bookdown\templates\gitbook.html" --highlight-style pygments --number-sections --css style.css --include-in-header "D:\temp\Rtmpu08VgS\rmarkdown-strec44101a2d49.html" --mathjax
     inline R code fragments
    
     "C:/PROGRA~1/Pandoc/pandoc" +RTS -K512m -RTS index.knit.md --to html4 --from markdown+autolink_bare_uris+tex_math_single_backslash --output index.html --lua-filter "D:\RCompile\CRANpkg\lib\4.2\bookdown\rmarkdown\lua\custom-environment.lua" --lua-filter "D:\RCompile\CRANpkg\lib\4.2\rmarkdown\rmarkdown\lua\pagebreak.lua" --lua-filter "D:\RCompile\CRANpkg\lib\4.2\rmarkdown\rmarkdown\lua\latex-div.lua" --metadata-file "D:\temp\Rtmpu08VgS\fileec441b555746" --wrap preserve --standalone --section-divs --table-of-contents --toc-depth 3 --template "D:\RCompile\CRANpkg\lib\4.2\bookdown\templates\gitbook.html" --highlight-style pygments --number-sections --css style.css --include-in-header "D:\temp\Rtmpu08VgS\rmarkdown-strec443dbe921.html" --mathjax
     inline R code fragments
    
     "C:/PROGRA~1/Pandoc/pandoc" +RTS -K512m -RTS index.knit.md --to html4 --from markdown+autolink_bare_uris+tex_math_single_backslash --output index.html --lua-filter "D:\RCompile\CRANpkg\lib\4.2\bookdown\rmarkdown\lua\custom-environment.lua" --lua-filter "D:\RCompile\CRANpkg\lib\4.2\rmarkdown\rmarkdown\lua\pagebreak.lua" --lua-filter "D:\RCompile\CRANpkg\lib\4.2\rmarkdown\rmarkdown\lua\latex-div.lua" --metadata-file "D:\temp\Rtmpu08VgS\fileec443a006214" --wrap preserve --standalone --section-divs --table-of-contents --toc-depth 3 --template "D:\RCompile\CRANpkg\lib\4.2\bookdown\templates\gitbook.html" --highlight-style pygments --number-sections --css style.css --include-in-header "D:\temp\Rtmpu08VgS\rmarkdown-strec4425da128.html" --mathjax
     ══ Failed tests ════════════════════════════════════════════════════════════════
     ── Failure (test-get_info_files.R:13:3): get_info works ────────────────────────
     as.character(as.Date(infos$first_modif)) not equal to setNames(today, "first").
     1/1 mismatches
     x[1]: "2021-11-25"
     y[1]: "2021-11-26"
     ── Failure (test-get_info_files.R:14:3): get_info works ────────────────────────
     as.character(as.Date(infos$last_modif)) not equal to setNames(today, "last").
     1/1 mismatches
     x[1]: "2021-11-25"
     y[1]: "2021-11-26"
     ── Failure (test-get_info_files.R:19:3): get_info works ────────────────────────
     as.character(as.Date(infos_not_in_repo$last_modif)) not equal to setNames(today, "last").
     1/1 mismatches
     x[1]: "2021-11-25"
     y[1]: "2021-11-26"
    
     [ FAIL 3 | WARN 0 | SKIP 0 | PASS 72 ]
     Error: Test failures
     Execution halted
Flavor: r-devel-windows-x86_64-new-UL