CRAN Package Check Results for Package git2r

Last updated on 2020-10-25 19:49:30 CET.

Flavor Version Tinstall Tcheck Ttotal Status Flags
r-devel-linux-x86_64-debian-clang 0.27.1 17.29 61.94 79.23 OK
r-devel-linux-x86_64-debian-gcc 0.27.1 11.52 47.09 58.61 OK
r-devel-linux-x86_64-fedora-clang 0.27.1 107.79 OK
r-devel-linux-x86_64-fedora-gcc 0.27.1 91.92 OK
r-devel-windows-ix86+x86_64 0.27.1 61.00 163.00 224.00 NOTE
r-patched-linux-x86_64 0.27.1 14.89 59.25 74.14 OK
r-patched-solaris-x86 0.27.1 289.30 OK
r-release-linux-x86_64 0.27.1 15.01 58.81 73.82 OK
r-release-macos-x86_64 0.27.1 OK
r-release-windows-ix86+x86_64 0.27.1 55.00 140.00 195.00 NOTE
r-oldrel-macos-x86_64 0.27.1 OK
r-oldrel-windows-ix86+x86_64 0.27.1 55.00 145.00 200.00 NOTE

Check Details

Version: 0.27.1
Check: installed package size
Result: NOTE
     installed size is 7.9Mb
     sub-directories of 1Mb or more:
     libs 7.4Mb
Flavors: r-devel-windows-ix86+x86_64, r-release-windows-ix86+x86_64, r-oldrel-windows-ix86+x86_64