CRAN Package Check Results for Package ghcm

Last updated on 2021-12-05 19:49:25 CET.

Flavor Version Tinstall Tcheck Ttotal Status Flags
r-devel-linux-x86_64-debian-clang 2.0.0 2.82 280.70 283.52 OK
r-devel-linux-x86_64-debian-gcc 2.0.0 2.57 216.47 219.04 OK
r-devel-linux-x86_64-fedora-clang 2.0.0 342.76 NOTE
r-devel-linux-x86_64-fedora-gcc 2.0.0 320.50 NOTE
r-devel-windows-x86_64-new-UL 2.0.0 9.00 333.00 342.00 OK
r-devel-windows-x86_64-new-TK 2.0.0 NOTE
r-devel-windows-x86_64-old 2.0.0 6.00 274.00 280.00 OK
r-patched-linux-x86_64 2.0.0 2.72 268.52 271.24 OK
r-release-linux-x86_64 2.0.0 3.02 272.34 275.36 OK
r-release-macos-arm64 2.0.0 NOTE
r-release-macos-x86_64 2.0.0 NOTE
r-release-windows-ix86+x86_64 2.0.0 8.00 332.00 340.00 OK
r-oldrel-macos-x86_64 2.0.0 NOTE
r-oldrel-windows-ix86+x86_64 2.0.0 7.00 327.00 334.00 OK

Check Details

Version: 2.0.0
Check: dependencies in R code
Result: NOTE
    Namespaces in Imports field not imported from:
     ‘MASS’ ‘graphics’ ‘refund’ ‘stats’ ‘utils’
     All declared Imports should be used.
Flavors: r-devel-linux-x86_64-fedora-clang, r-devel-linux-x86_64-fedora-gcc, r-devel-windows-x86_64-new-TK, r-release-macos-arm64, r-release-macos-x86_64, r-oldrel-macos-x86_64