CRAN Package Check Results for Package ggwordcloud

Last updated on 2021-10-16 20:50:44 CEST.

Flavor Version Tinstall Tcheck Ttotal Status Flags
r-devel-linux-x86_64-debian-clang 0.5.0 21.80 205.92 227.72 OK
r-devel-linux-x86_64-debian-gcc 0.5.0 16.32 156.81 173.13 OK
r-devel-linux-x86_64-fedora-clang 0.5.0 273.54 NOTE
r-devel-linux-x86_64-fedora-gcc 0.5.0 256.76 NOTE
r-devel-windows-x86_64 0.5.0 35.00 148.00 183.00 OK
r-devel-windows-x86_64-gcc10-UCRT 0.5.0 NOTE
r-patched-linux-x86_64 0.5.0 19.91 197.70 217.61 OK
r-patched-solaris-x86 0.5.0 271.00 NOTE
r-release-linux-x86_64 0.5.0 19.51 197.58 217.09 OK
r-release-macos-arm64 0.5.0 NOTE
r-release-macos-x86_64 0.5.0 NOTE
r-release-windows-ix86+x86_64 0.5.0 58.00 247.00 305.00 OK
r-oldrel-macos-x86_64 0.5.0 NOTE
r-oldrel-windows-ix86+x86_64 0.5.0 59.00 257.00 316.00 OK

Check Details

Version: 0.5.0
Check: data for non-ASCII characters
Result: NOTE
     Note: found 203 marked UTF-8 strings
Flavors: r-devel-linux-x86_64-fedora-clang, r-devel-linux-x86_64-fedora-gcc, r-devel-windows-x86_64-gcc10-UCRT, r-patched-solaris-x86, r-release-macos-arm64, r-release-macos-x86_64, r-oldrel-macos-x86_64