CRAN Package Check Results for Package ggstream

Last updated on 2024-02-26 19:50:09 CET.

Flavor Version Tinstall Tcheck Ttotal Status Flags
r-devel-linux-x86_64-debian-clang 0.1.0 5.11 38.93 44.04 OK
r-devel-linux-x86_64-debian-gcc 0.1.0 3.94 30.27 34.21 OK
r-devel-linux-x86_64-fedora-clang 0.1.0 54.77 NOTE
r-devel-linux-x86_64-fedora-gcc 0.1.0 51.84 NOTE
r-devel-windows-x86_64 0.1.0 6.00 49.00 55.00 OK
r-patched-linux-x86_64 0.1.0 2.97 38.85 41.82 OK
r-release-linux-x86_64 0.1.0 3.28 38.89 42.17 OK
r-release-macos-arm64 0.1.0 21.00 OK
r-release-macos-x86_64 0.1.0 31.00 OK
r-release-windows-x86_64 0.1.0 7.00 53.00 60.00 OK
r-oldrel-macos-arm64 0.1.0 22.00 NOTE
r-oldrel-windows-x86_64 0.1.0 6.00 57.00 63.00 OK

Check Details

Version: 0.1.0
Check: dependencies in R code
Result: NOTE Namespace in Imports field not imported from: ‘tidyr’ All declared Imports should be used. Flavors: r-devel-linux-x86_64-fedora-clang, r-devel-linux-x86_64-fedora-gcc, r-oldrel-macos-arm64