CRAN Package Check Results for Package ggstream

Last updated on 2021-12-04 07:50:22 CET.

Flavor Version Tinstall Tcheck Ttotal Status Flags
r-devel-linux-x86_64-debian-clang 0.1.0 4.51 46.10 50.61 OK
r-devel-linux-x86_64-debian-gcc 0.1.0 3.21 35.92 39.13 OK
r-devel-linux-x86_64-fedora-clang 0.1.0 63.23 NOTE
r-devel-linux-x86_64-fedora-gcc 0.1.0 49.68 NOTE
r-devel-windows-x86_64-new-UL 0.1.0 11.00 74.00 85.00 OK
r-devel-windows-x86_64-new-TK 0.1.0 NOTE
r-devel-windows-x86_64-old 0.1.0 8.00 42.00 50.00 OK
r-patched-linux-x86_64 0.1.0 3.78 35.73 39.51 OK
r-release-linux-x86_64 0.1.0 4.09 35.91 40.00 OK
r-release-macos-arm64 0.1.0 NOTE
r-release-macos-x86_64 0.1.0 NOTE
r-release-windows-ix86+x86_64 0.1.0 10.00 53.00 63.00 OK
r-oldrel-macos-x86_64 0.1.0 NOTE
r-oldrel-windows-ix86+x86_64 0.1.0 10.00 54.00 64.00 OK

Check Details

Version: 0.1.0
Check: dependencies in R code
Result: NOTE
    Namespace in Imports field not imported from: ‘tidyr’
     All declared Imports should be used.
Flavors: r-devel-linux-x86_64-fedora-clang, r-devel-linux-x86_64-fedora-gcc, r-devel-windows-x86_64-new-TK, r-release-macos-arm64, r-release-macos-x86_64, r-oldrel-macos-x86_64