CRAN Package Check Results for Package ggseg3d

Last updated on 2021-12-02 08:51:10 CET.

Flavor Version Tinstall Tcheck Ttotal Status Flags
r-devel-linux-x86_64-debian-clang 1.6.3 18.58 85.36 103.94 OK
r-devel-linux-x86_64-debian-gcc 1.6.3 15.31 63.53 78.84 OK
r-devel-linux-x86_64-fedora-clang 1.6.3 135.97 NOTE
r-devel-linux-x86_64-fedora-gcc 1.6.3 119.27 NOTE
r-devel-windows-x86_64-new-UL 1.6.3 31.00 122.00 153.00 OK
r-devel-windows-x86_64-new-TK 1.6.3 NOTE
r-devel-windows-x86_64-old 1.6.3 26.00 81.00 107.00 OK
r-patched-linux-x86_64 1.6.3 12.17 79.71 91.88 OK
r-patched-solaris-x86 1.6.3 180.10 NOTE
r-release-linux-x86_64 1.6.3 17.44 80.85 98.29 OK
r-release-macos-arm64 1.6.3 NOTE
r-release-macos-x86_64 1.6.3 NOTE
r-release-windows-ix86+x86_64 1.6.3 31.00 115.00 146.00 OK
r-oldrel-macos-x86_64 1.6.3 NOTE
r-oldrel-windows-ix86+x86_64 1.6.3 31.00 114.00 145.00 OK

Check Details

Version: 1.6.3
Check: dependencies in R code
Result: NOTE
    Namespaces in Imports field not imported from:
     ‘magrittr’ ‘utils’
     All declared Imports should be used.
Flavors: r-devel-linux-x86_64-fedora-clang, r-devel-linux-x86_64-fedora-gcc, r-devel-windows-x86_64-new-TK, r-patched-solaris-x86, r-release-macos-arm64, r-release-macos-x86_64, r-oldrel-macos-x86_64