CRAN Package Check Results for Package ggseg3d

Last updated on 2024-02-29 07:52:36 CET.

Flavor Version Tinstall Tcheck Ttotal Status Flags
r-devel-linux-x86_64-debian-clang 1.6.3 19.62 88.75 108.37 OK
r-devel-linux-x86_64-debian-gcc 1.6.3 16.52 68.07 84.59 OK
r-devel-linux-x86_64-fedora-clang 1.6.3 133.87 NOTE
r-devel-linux-x86_64-fedora-gcc 1.6.3 129.82 NOTE
r-devel-windows-x86_64 1.6.3 17.00 85.00 102.00 OK
r-patched-linux-x86_64 1.6.3 18.16 84.82 102.98 OK
r-release-linux-x86_64 1.6.3 13.94 85.14 99.08 OK
r-release-macos-arm64 1.6.3 48.00 OK
r-release-macos-x86_64 1.6.3 71.00 OK
r-release-windows-x86_64 1.6.3 23.00 98.00 121.00 OK
r-oldrel-macos-arm64 1.6.3 45.00 NOTE
r-oldrel-windows-x86_64 1.6.3 25.00 103.00 128.00 OK

Check Details

Version: 1.6.3
Check: dependencies in R code
Result: NOTE Namespaces in Imports field not imported from: ‘magrittr’ ‘utils’ All declared Imports should be used. Flavors: r-devel-linux-x86_64-fedora-clang, r-devel-linux-x86_64-fedora-gcc, r-oldrel-macos-arm64