CRAN Package Check Results for Package ggrain

Last updated on 2024-07-14 09:51:12 CEST.

Flavor Version Tinstall Tcheck Ttotal Status Flags
r-devel-linux-x86_64-debian-clang 0.0.4 6.25 76.86 83.11 OK
r-devel-linux-x86_64-debian-gcc 0.0.4 5.27 57.41 62.68 OK
r-devel-linux-x86_64-fedora-clang 0.0.4 114.70 OK
r-devel-linux-x86_64-fedora-gcc 0.0.4 111.23 OK
r-devel-windows-x86_64 0.0.4 8.00 75.00 83.00 NOTE
r-patched-linux-x86_64 0.0.4 10.10 72.47 82.57 OK
r-release-linux-x86_64 0.0.4 6.91 74.36 81.27 OK
r-release-macos-arm64 0.0.4 36.00 OK
r-release-macos-x86_64 0.0.4 56.00 OK
r-release-windows-x86_64 0.0.4 8.00 73.00 81.00 OK
r-oldrel-macos-arm64 0.0.4 48.00 OK
r-oldrel-macos-x86_64 0.0.4 72.00 OK
r-oldrel-windows-x86_64 0.0.4 8.00 88.00 96.00 OK

Check Details

Version: 0.0.4
Check: Rd cross-references
Result: NOTE Found the following Rd file(s) with Rd \link{} targets missing package anchors: ggplot2-ggproto.Rd: geom_jitter, geom_count, geom_bin2d, layer, geom_smooth, geom_quantile, geom_density_2d, geom_boxplot, geom_hex, geom_density2d Please provide package anchors for all Rd \link{} targets not in the package itself and the base packages. Flavor: r-devel-windows-x86_64