CRAN Package Check Results for Package ggquickeda

Last updated on 2019-08-21 10:47:28 CEST.

Flavor Version Tinstall Tcheck Ttotal Status Flags
r-devel-linux-x86_64-debian-clang 0.1.3 9.51 77.30 86.81 OK
r-devel-linux-x86_64-debian-gcc 0.1.3 8.59 59.22 67.81 OK
r-devel-linux-x86_64-fedora-clang 0.1.3 102.28 NOTE
r-devel-linux-x86_64-fedora-gcc 0.1.3 103.60 NOTE
r-devel-windows-ix86+x86_64 0.1.3 31.00 129.00 160.00 OK
r-patched-linux-x86_64 0.1.3 8.58 72.32 80.90 OK
r-patched-solaris-x86 0.1.3 148.40 NOTE
r-release-linux-x86_64 0.1.3 7.40 72.98 80.38 OK
r-release-windows-ix86+x86_64 0.1.3 18.00 89.00 107.00 OK
r-release-osx-x86_64 0.1.3 NOTE
r-oldrel-windows-ix86+x86_64 0.1.3 20.00 122.00 142.00 OK
r-oldrel-osx-x86_64 0.1.3 NOTE

Check Details

Version: 0.1.3
Check: dependencies in R code
Result: NOTE
    Namespaces in Imports field not imported from:
     ‘DT’ ‘Formula’ ‘GGally’ ‘Hmisc’ ‘colourpicker’ ‘dplyr’ ‘ggpmisc’
     ‘ggpubr’ ‘ggrepel’ ‘ggstance’ ‘grDevices’ ‘gridExtra’ ‘lazyeval’
     ‘markdown’ ‘plotly’ ‘quantreg’ ‘rlang’ ‘shinyjs’ ‘survminer’ ‘table1’
     ‘tidyr’
     All declared Imports should be used.
Flavors: r-devel-linux-x86_64-fedora-clang, r-devel-linux-x86_64-fedora-gcc, r-patched-solaris-x86, r-release-osx-x86_64, r-oldrel-osx-x86_64