CRAN Package Check Results for Package ggquickeda

Last updated on 2019-12-09 08:55:03 CET.

Flavor Version Tinstall Tcheck Ttotal Status Flags
r-devel-linux-x86_64-debian-clang 0.1.5 5.49 43.53 49.02 OK
r-devel-linux-x86_64-debian-gcc 0.1.5 4.12 34.73 38.85 OK
r-devel-linux-x86_64-fedora-clang 0.1.5 58.20 NOTE
r-devel-linux-x86_64-fedora-gcc 0.1.5 58.90 NOTE
r-devel-windows-ix86+x86_64 0.1.5 17.00 92.00 109.00 OK
r-devel-windows-ix86+x86_64-gcc8 0.1.5 16.00 60.00 76.00 OK
r-patched-linux-x86_64 0.1.5 4.41 38.68 43.09 OK
r-patched-solaris-x86 0.1.5 78.80 NOTE
r-release-linux-x86_64 0.1.5 4.09 38.61 42.70 OK
r-release-windows-ix86+x86_64 0.1.5 13.00 56.00 69.00 OK
r-release-osx-x86_64 0.1.5 NOTE
r-oldrel-windows-ix86+x86_64 0.1.5 6.00 50.00 56.00 OK
r-oldrel-osx-x86_64 0.1.5 NOTE

Check Details

Version: 0.1.5
Check: dependencies in R code
Result: NOTE
    Namespaces in Imports field not imported from:
     ‘DT’ ‘Formula’ ‘GGally’ ‘Hmisc’ ‘colourpicker’ ‘dplyr’ ‘ggpmisc’
     ‘ggpubr’ ‘ggrepel’ ‘ggstance’ ‘grDevices’ ‘grid’ ‘gridExtra’
     ‘lazyeval’ ‘markdown’ ‘plotly’ ‘quantreg’ ‘rlang’ ‘shinyjs’
     ‘survival’ ‘survminer’ ‘table1’ ‘tidyr’
     All declared Imports should be used.
Flavors: r-devel-linux-x86_64-fedora-clang, r-devel-linux-x86_64-fedora-gcc, r-patched-solaris-x86, r-release-osx-x86_64, r-oldrel-osx-x86_64