CRAN Package Check Results for Package ggpolypath

Last updated on 2021-09-21 20:51:01 CEST.

Flavor Version Tinstall Tcheck Ttotal Status Flags
r-devel-linux-x86_64-debian-clang 0.1.0 3.81 51.70 55.51 OK
r-devel-linux-x86_64-debian-gcc 0.1.0 3.50 38.68 42.18 OK
r-devel-linux-x86_64-fedora-clang 0.1.0 75.99 OK
r-devel-linux-x86_64-fedora-gcc 0.1.0 62.30 OK
r-devel-windows-x86_64 0.1.0 7.00 53.00 60.00 OK
r-devel-windows-x86_64-gcc10-UCRT 0.1.0 ERROR
r-patched-linux-x86_64 0.1.0 7.05 48.39 55.44 OK
r-patched-solaris-x86 0.1.0 90.90 OK
r-release-linux-x86_64 0.1.0 4.33 47.99 52.32 OK
r-release-macos-arm64 0.1.0 OK
r-release-macos-x86_64 0.1.0 OK
r-release-windows-ix86+x86_64 0.1.0 12.00 50.00 62.00 OK
r-oldrel-macos-x86_64 0.1.0 OK
r-oldrel-windows-ix86+x86_64 0.1.0 14.00 60.00 74.00 OK

Check Details

Version: 0.1.0
Check: whether package can be installed
Result: WARN
    Found the following significant warnings:
     WARNING: installation-time patches will not be applied, could not get the patches index
Flavor: r-devel-windows-x86_64-gcc10-UCRT

Version: 0.1.0
Check: PDF version of manual
Result: WARN
    LaTeX errors when creating PDF version.
    This typically indicates Rd problems.
Flavor: r-devel-windows-x86_64-gcc10-UCRT

Version: 0.1.0
Check: PDF version of manual without hyperrefs or index
Result: ERROR
    Re-running with no redirection of stdout/stderr.
Flavor: r-devel-windows-x86_64-gcc10-UCRT