CRAN Package Check Results for Package ggplot.multistats

Last updated on 2024-02-26 19:50:09 CET.

Flavor Version Tinstall Tcheck Ttotal Status Flags
r-devel-linux-x86_64-debian-clang 1.0.0 5.19 49.30 54.49 NOTE
r-devel-linux-x86_64-debian-gcc 1.0.0 4.28 38.19 42.47 NOTE
r-devel-linux-x86_64-fedora-clang 1.0.0 68.18 NOTE
r-devel-linux-x86_64-fedora-gcc 1.0.0 64.21 NOTE
r-devel-windows-x86_64 1.0.0 6.00 62.00 68.00 NOTE
r-patched-linux-x86_64 1.0.0 8.45 47.09 55.54 NOTE
r-release-linux-x86_64 1.0.0 5.49 48.08 53.57 NOTE
r-release-macos-arm64 1.0.0 27.00 NOTE
r-release-macos-x86_64 1.0.0 35.00 NOTE
r-release-windows-x86_64 1.0.0 8.00 69.00 77.00 NOTE
r-oldrel-macos-arm64 1.0.0 23.00 NOTE
r-oldrel-windows-x86_64 1.0.0 8.00 72.00 80.00 NOTE

Check Details

Version: 1.0.0
Check: LazyData
Result: NOTE 'LazyData' is specified without a 'data' directory Flavors: r-devel-linux-x86_64-debian-clang, r-devel-linux-x86_64-debian-gcc, r-devel-linux-x86_64-fedora-clang, r-devel-linux-x86_64-fedora-gcc, r-devel-windows-x86_64, r-patched-linux-x86_64, r-release-linux-x86_64, r-release-macos-arm64, r-release-macos-x86_64, r-release-windows-x86_64, r-oldrel-macos-arm64, r-oldrel-windows-x86_64