CRAN Package Check Results for Package ggmosaic

Last updated on 2021-09-20 20:48:41 CEST.

Flavor Version Tinstall Tcheck Ttotal Status Flags
r-devel-linux-x86_64-debian-clang 0.3.3 10.20 89.74 99.94 OK
r-devel-linux-x86_64-debian-gcc 0.3.3 6.69 66.64 73.33 OK
r-devel-linux-x86_64-fedora-clang 0.3.3 124.48 NOTE
r-devel-linux-x86_64-fedora-gcc 0.3.3 110.69 NOTE
r-devel-windows-x86_64 0.3.3 9.00 80.00 89.00 OK
r-devel-windows-x86_64-gcc10-UCRT 0.3.3 ERROR
r-patched-linux-x86_64 0.3.3 8.95 82.37 91.32 OK
r-patched-solaris-x86 0.3.3 151.70 NOTE
r-release-linux-x86_64 0.3.3 8.39 84.25 92.64 OK
r-release-macos-arm64 0.3.3 NOTE
r-release-macos-x86_64 0.3.3 NOTE
r-release-windows-ix86+x86_64 0.3.3 21.00 84.00 105.00 OK
r-oldrel-macos-x86_64 0.3.3 NOTE
r-oldrel-windows-ix86+x86_64 0.3.3 21.00 98.00 119.00 OK

Check Details

Version: 0.3.3
Check: dependencies in R code
Result: NOTE
    Namespaces in Imports field not imported from:
     ‘productplots’ ‘scales’
     All declared Imports should be used.
Flavors: r-devel-linux-x86_64-fedora-clang, r-devel-linux-x86_64-fedora-gcc, r-devel-windows-x86_64-gcc10-UCRT, r-patched-solaris-x86, r-release-macos-arm64, r-release-macos-x86_64, r-oldrel-macos-x86_64

Version: 0.3.3
Check: whether package can be installed
Result: WARN
    Found the following significant warnings:
     WARNING: installation-time patches will not be applied, could not get the patches index
Flavor: r-devel-windows-x86_64-gcc10-UCRT

Version: 0.3.3
Check: PDF version of manual
Result: WARN
    LaTeX errors when creating PDF version.
    This typically indicates Rd problems.
Flavor: r-devel-windows-x86_64-gcc10-UCRT

Version: 0.3.3
Check: PDF version of manual without hyperrefs or index
Result: ERROR
    Re-running with no redirection of stdout/stderr.
Flavor: r-devel-windows-x86_64-gcc10-UCRT