CRAN Package Check Results for Package ggm

Last updated on 2020-07-14 09:50:30 CEST.

Flavor Version Tinstall Tcheck Ttotal Status Flags
r-devel-linux-x86_64-debian-clang 2.5 10.48 67.06 77.54 OK
r-devel-linux-x86_64-debian-gcc 2.5 7.95 49.94 57.89 OK
r-devel-linux-x86_64-fedora-clang 2.5 96.80 NOTE
r-devel-linux-x86_64-fedora-gcc 2.5 90.60 NOTE
r-devel-windows-ix86+x86_64 2.5 19.00 101.00 120.00 OK
r-patched-linux-x86_64 2.5 10.00 65.45 75.45 OK
r-patched-solaris-x86 2.5 114.10 NOTE
r-release-linux-x86_64 2.5 10.84 66.93 77.77 OK
r-release-macos-x86_64 2.5 ERROR
r-release-windows-ix86+x86_64 2.5 18.00 76.00 94.00 OK
r-oldrel-macos-x86_64 2.5 NOTE
r-oldrel-windows-ix86+x86_64 2.5 16.00 91.00 107.00 OK

Check Details

Version: 2.5
Check: dependencies in R code
Result: NOTE
    Namespace in Imports field not imported from: ‘graph’
     All declared Imports should be used.
Flavors: r-devel-linux-x86_64-fedora-clang, r-devel-linux-x86_64-fedora-gcc, r-patched-solaris-x86, r-oldrel-macos-x86_64

Version: 2.5
Check: whether package can be installed
Result: ERROR
    Installation failed.
Flavor: r-release-macos-x86_64