CRAN Package Check Results for Package gglogo

Last updated on 2019-12-07 08:49:27 CET.

Flavor Version Tinstall Tcheck Ttotal Status Flags
r-devel-linux-x86_64-debian-clang 0.1.4 5.24 646.65 651.89 WARN
r-devel-linux-x86_64-debian-gcc 0.1.4 4.39 527.03 531.42 OK
r-devel-linux-x86_64-fedora-clang 0.1.4 767.79 NOTE
r-devel-linux-x86_64-fedora-gcc 0.1.4 762.20 NOTE
r-devel-windows-ix86+x86_64 0.1.4 19.00 91.00 110.00 OK --no-vignettes
r-devel-windows-ix86+x86_64-gcc8 0.1.4 16.00 60.00 76.00 OK --no-vignettes
r-patched-linux-x86_64 0.1.4 4.35 642.27 646.62 WARN
r-patched-solaris-x86 0.1.4 1112.50 NOTE
r-release-linux-x86_64 0.1.4 4.55 642.02 646.57 WARN
r-release-windows-ix86+x86_64 0.1.4 15.00 70.00 85.00 OK --no-vignettes
r-release-osx-x86_64 0.1.4 WARN
r-oldrel-windows-ix86+x86_64 0.1.4 10.00 81.00 91.00 OK --no-vignettes
r-oldrel-osx-x86_64 0.1.4 WARN

Check Details

Version: 0.1.4
Check: re-building of vignette outputs
Result: WARN
    Error(s) in re-building vignettes:
     ...
    --- re-building 'gglogo-alphabet.Rmd' using rmarkdown
    
    Attaching package: 'gglogo'
    
    The following object is masked from 'package:ggplot2':
    
     fortify
    
    Killed
Flavors: r-devel-linux-x86_64-debian-clang, r-patched-linux-x86_64, r-release-linux-x86_64

Version: 0.1.4
Check: dependencies in R code
Result: NOTE
    Namespace in Imports field not imported from: ‘knitr’
     All declared Imports should be used.
Flavors: r-devel-linux-x86_64-fedora-clang, r-devel-linux-x86_64-fedora-gcc, r-patched-solaris-x86, r-release-osx-x86_64, r-oldrel-osx-x86_64

Version: 0.1.4
Check: re-building of vignette outputs
Result: WARN
    Error(s) in re-building vignettes:
    --- re-building ‘gglogo-alphabet.Rmd’ using rmarkdown
    Warning in engine$weave(file, quiet = quiet, encoding = enc) :
     Pandoc (>= 1.12.3) and/or pandoc-citeproc not available. Falling back to R Markdown v1.
    
    Attaching package: 'gglogo'
    
    The following object is masked from 'package:ggplot2':
    
     fortify
    
    Warning in grid.Call.graphics(C_text, as.graphicsAnnot(x$label), x$x, x$y, :
     no font could be found for family "Garamond"
    Warning in grid.Call.graphics(C_text, as.graphicsAnnot(x$label), x$x, x$y, :
     no font could be found for family "Garamond"
    Warning in grid.Call.graphics(C_text, as.graphicsAnnot(x$label), x$x, x$y, :
     no font could be found for family "Garamond"
    Quitting from lines 45-52 (gglogo-alphabet.Rmd)
    Error: processing vignette 'gglogo-alphabet.Rmd' failed with diagnostics:
    replacement has 1 row, data has 0
    --- failed re-building ‘gglogo-alphabet.Rmd’
    
    SUMMARY: processing the following file failed:
     ‘gglogo-alphabet.Rmd’
    
    Error: Vignette re-building failed.
    Execution halted
Flavor: r-release-osx-x86_64

Version: 0.1.4
Check: re-building of vignette outputs
Result: WARN
    Error in re-building vignettes:
     ...
    Warning in engine$weave(file, quiet = quiet, encoding = enc) :
     Pandoc (>= 1.12.3) and/or pandoc-citeproc not available. Falling back to R Markdown v1.
    
    Attaching package: 'gglogo'
    
    The following object is masked from 'package:ggplot2':
    
     fortify
    
    Warning in grid.Call.graphics(C_text, as.graphicsAnnot(x$label), x$x, x$y, :
     no font could be found for family "Garamond"
    Warning in grid.Call.graphics(C_text, as.graphicsAnnot(x$label), x$x, x$y, :
     no font could be found for family "Garamond"
    Warning in grid.Call.graphics(C_text, as.graphicsAnnot(x$label), x$x, x$y, :
     no font could be found for family "Garamond"
    Quitting from lines 45-52 (gglogo-alphabet.Rmd)
    Error: processing vignette 'gglogo-alphabet.Rmd' failed with diagnostics:
    replacement has 1 row, data has 0
    Execution halted
Flavor: r-oldrel-osx-x86_64