CRAN Package Check Results for Package ggjoy

Last updated on 2024-02-27 19:54:39 CET.

Flavor Version Tinstall Tcheck Ttotal Status Flags
r-devel-linux-x86_64-debian-clang 0.4.1 5.27 46.13 51.40 NOTE
r-devel-linux-x86_64-debian-gcc 0.4.1 4.02 34.62 38.64 NOTE
r-devel-linux-x86_64-fedora-clang 0.4.1 61.82 NOTE
r-devel-linux-x86_64-fedora-gcc 0.4.1 71.07 NOTE
r-devel-windows-x86_64 0.4.1 5.00 54.00 59.00 NOTE
r-patched-linux-x86_64 0.4.1 11.66 42.72 54.38 NOTE
r-release-linux-x86_64 0.4.1 4.54 42.88 47.42 NOTE
r-release-macos-arm64 0.4.1 28.00 NOTE
r-release-macos-x86_64 0.4.1 44.00 NOTE
r-release-windows-x86_64 0.4.1 7.00 59.00 66.00 NOTE
r-oldrel-macos-arm64 0.4.1 23.00 NOTE
r-oldrel-windows-x86_64 0.4.1 8.00 64.00 72.00 NOTE

Check Details

Version: 0.4.1
Check: LazyData
Result: NOTE 'LazyData' is specified without a 'data' directory Flavors: r-devel-linux-x86_64-debian-clang, r-devel-linux-x86_64-debian-gcc, r-devel-linux-x86_64-fedora-clang, r-devel-linux-x86_64-fedora-gcc, r-devel-windows-x86_64, r-patched-linux-x86_64, r-release-linux-x86_64, r-release-macos-arm64, r-release-macos-x86_64, r-release-windows-x86_64, r-oldrel-macos-arm64, r-oldrel-windows-x86_64