CRAN Package Check Results for Package ggforce

Last updated on 2020-05-29 10:47:23 CEST.

Flavor Version Tinstall Tcheck Ttotal Status Flags
r-devel-linux-x86_64-debian-clang 0.3.1 110.92 141.10 252.02 OK
r-devel-linux-x86_64-debian-gcc 0.3.1 85.45 106.66 192.11 OK
r-devel-linux-x86_64-fedora-clang 0.3.1 313.46 NOTE
r-devel-linux-x86_64-fedora-gcc 0.3.1 299.03 NOTE
r-devel-windows-ix86+x86_64 0.3.1 230.00 269.00 499.00 OK
r-patched-linux-x86_64 0.3.1 92.21 140.51 232.72 OK
r-patched-solaris-x86 0.3.1 311.40 NOTE
r-release-linux-x86_64 0.3.1 89.49 138.53 228.02 OK
r-release-osx-x86_64 0.3.1 NOTE
r-release-windows-ix86+x86_64 0.3.1 188.00 327.00 515.00 OK
r-oldrel-osx-x86_64 0.3.1 NOTE
r-oldrel-windows-ix86+x86_64 0.3.1 176.00 249.00 425.00 OK

Check Details

Version: 0.3.1
Check: installed package size
Result: NOTE
     installed size is 20.7Mb
     sub-directories of 1Mb or more:
     help 1.1Mb
     libs 18.7Mb
Flavors: r-devel-linux-x86_64-fedora-clang, r-release-osx-x86_64, r-oldrel-osx-x86_64

Version: 0.3.1
Check: dependencies in R code
Result: NOTE
    Namespace in Imports field not imported from: ‘withr’
     All declared Imports should be used.
Flavors: r-devel-linux-x86_64-fedora-clang, r-devel-linux-x86_64-fedora-gcc, r-patched-solaris-x86, r-release-osx-x86_64, r-oldrel-osx-x86_64