Last updated on 2023-03-21 19:57:12 CET.
Flavor | Version | Tinstall | Tcheck | Ttotal | Status | Flags |
---|---|---|---|---|---|---|
r-devel-linux-x86_64-debian-clang | 0.1.3 | 10.43 | 117.57 | 128.00 | OK | |
r-devel-linux-x86_64-debian-gcc | 0.1.3 | 9.16 | 87.98 | 97.14 | OK | |
r-devel-linux-x86_64-fedora-clang | 0.1.3 | 156.59 | NOTE | |||
r-devel-linux-x86_64-fedora-gcc | 0.1.3 | 168.89 | NOTE | |||
r-patched-linux-x86_64 | 0.1.3 | 16.05 | 115.29 | 131.34 | OK | |
r-release-linux-x86_64 | 0.1.3 | 10.13 | 116.42 | 126.55 | OK | |
r-release-macos-arm64 | 0.1.3 | 49.00 | NOTE | |||
r-release-macos-x86_64 | 0.1.3 | 111.00 | NOTE | |||
r-release-windows-x86_64 | 0.1.3 | 34.00 | 158.00 | 192.00 | OK | |
r-oldrel-macos-arm64 | 0.1.3 | 73.00 | NOTE | |||
r-oldrel-macos-x86_64 | 0.1.3 | 80.00 | NOTE | |||
r-oldrel-windows-ix86+x86_64 | 0.1.3 | 21.00 | 152.00 | 173.00 | OK |
Version: 0.1.3
Check: dependencies in R code
Result: NOTE
Namespaces in Imports field not imported from:
‘colorspace’ ‘grid’ ‘rstan’
All declared Imports should be used.
Flavors: r-devel-linux-x86_64-fedora-clang, r-devel-linux-x86_64-fedora-gcc, r-release-macos-arm64, r-release-macos-x86_64, r-oldrel-macos-arm64, r-oldrel-macos-x86_64