CRAN Package Check Results for Package ggetho

Last updated on 2021-10-24 20:51:03 CEST.

Flavor Version Tinstall Tcheck Ttotal Status Flags
r-devel-linux-x86_64-debian-clang 0.3.6 6.28 170.54 176.82 NOTE
r-devel-linux-x86_64-debian-gcc 0.3.6 4.87 108.52 113.39 NOTE
r-devel-linux-x86_64-fedora-clang 0.3.6 185.55 NOTE
r-devel-linux-x86_64-fedora-gcc 0.3.6 157.73 NOTE
r-devel-windows-x86_64 0.3.6 11.00 167.00 178.00 NOTE
r-devel-windows-x86_64-gcc10-UCRT 0.3.6 NOTE
r-patched-linux-x86_64 0.3.6 9.78 135.65 145.43 NOTE
r-patched-solaris-x86 0.3.6 226.30 NOTE
r-release-linux-x86_64 0.3.6 5.47 134.27 139.74 NOTE
r-release-macos-arm64 0.3.6 NOTE
r-release-macos-x86_64 0.3.6 NOTE
r-release-windows-ix86+x86_64 0.3.6 11.00 154.00 165.00 NOTE
r-oldrel-macos-x86_64 0.3.6 OK
r-oldrel-windows-ix86+x86_64 0.3.6 17.00 156.00 173.00 OK

Check Details

Version: 0.3.6
Check: LazyData
Result: NOTE
     'LazyData' is specified without a 'data' directory
Flavors: r-devel-linux-x86_64-debian-clang, r-devel-linux-x86_64-debian-gcc, r-devel-linux-x86_64-fedora-clang, r-devel-linux-x86_64-fedora-gcc, r-devel-windows-x86_64, r-devel-windows-x86_64-gcc10-UCRT, r-patched-linux-x86_64, r-patched-solaris-x86, r-release-linux-x86_64, r-release-macos-arm64, r-release-macos-x86_64, r-release-windows-ix86+x86_64