CRAN Package Check Results for Package ggdemetra

Last updated on 2021-12-08 19:51:33 CET.

Flavor Version Tinstall Tcheck Ttotal Status Flags
r-devel-linux-x86_64-debian-clang 0.2.2 5.18 86.26 91.44 OK
r-devel-linux-x86_64-debian-gcc 0.2.2 4.65 65.61 70.26 OK
r-devel-linux-x86_64-fedora-clang 0.2.2 12.67 ERROR
r-devel-linux-x86_64-fedora-gcc 0.2.2 98.40 OK
r-devel-windows-x86_64-new-UL 0.2.2 15.00 115.00 130.00 OK
r-devel-windows-x86_64-new-TK 0.2.2 OK
r-devel-windows-x86_64-old 0.2.2 10.00 93.00 103.00 OK
r-patched-linux-x86_64 0.2.2 5.52 78.66 84.18 OK
r-release-linux-x86_64 0.2.2 5.08 79.37 84.45 OK
r-release-macos-arm64 0.2.2 OK
r-release-macos-x86_64 0.2.2 OK
r-release-windows-ix86+x86_64 0.2.2 10.00 86.00 96.00 OK
r-oldrel-macos-x86_64 0.2.2 OK
r-oldrel-windows-ix86+x86_64 0.2.2 16.00 89.00 105.00 OK

Check Details

Version: 0.2.2
Check: package dependencies
Result: ERROR
    Package required but not available: ‘RJDemetra’
    
    See section ‘The DESCRIPTION file’ in the ‘Writing R Extensions’
    manual.
Flavor: r-devel-linux-x86_64-fedora-clang