Last updated on 2023-02-02 19:51:21 CET.
Flavor | Version | Tinstall | Tcheck | Ttotal | Status | Flags |
---|---|---|---|---|---|---|
r-devel-linux-x86_64-debian-clang | 0.1.0 | 6.09 | 43.70 | 49.79 | NOTE | |
r-devel-linux-x86_64-debian-gcc | 0.1.0 | 4.49 | 32.84 | 37.33 | NOTE | |
r-devel-linux-x86_64-fedora-clang | 0.1.0 | 66.37 | NOTE | |||
r-devel-linux-x86_64-fedora-gcc | 0.1.0 | 65.10 | NOTE | |||
r-patched-linux-x86_64 | 0.1.0 | 4.55 | 42.53 | 47.08 | NOTE | |
r-release-linux-x86_64 | 0.1.0 | 5.73 | 43.00 | 48.73 | NOTE | |
r-release-macos-arm64 | 0.1.0 | 23.00 | NOTE | |||
r-release-macos-x86_64 | 0.1.0 | 54.00 | NOTE | |||
r-release-windows-x86_64 | 0.1.0 | 15.00 | 81.00 | 96.00 | NOTE | |
r-oldrel-macos-arm64 | 0.1.0 | 24.00 | NOTE | |||
r-oldrel-macos-x86_64 | 0.1.0 | 37.00 | NOTE | |||
r-oldrel-windows-ix86+x86_64 | 0.1.0 | 13.00 | 74.00 | 87.00 | NOTE |
Version: 0.1.0
Check: LazyData
Result: NOTE
'LazyData' is specified without a 'data' directory
Flavors: r-devel-linux-x86_64-debian-clang, r-devel-linux-x86_64-debian-gcc, r-devel-linux-x86_64-fedora-clang, r-devel-linux-x86_64-fedora-gcc, r-patched-linux-x86_64, r-release-linux-x86_64, r-release-macos-arm64, r-release-macos-x86_64, r-release-windows-x86_64, r-oldrel-macos-arm64, r-oldrel-macos-x86_64, r-oldrel-windows-ix86+x86_64