CRAN Package Check Results for Package gganimate

Last updated on 2020-08-04 21:48:13 CEST.

Flavor Version Tinstall Tcheck Ttotal Status Flags
r-devel-linux-x86_64-debian-clang 1.0.6 13.03 218.66 231.69 OK
r-devel-linux-x86_64-debian-gcc 1.0.6 9.74 160.01 169.75 OK
r-devel-linux-x86_64-fedora-clang 1.0.6 263.82 OK
r-devel-linux-x86_64-fedora-gcc 1.0.6 257.08 OK
r-devel-windows-ix86+x86_64 1.0.6 34.00 190.00 224.00 OK
r-patched-linux-x86_64 1.0.6 11.45 199.96 211.41 OK
r-patched-solaris-x86 1.0.6 416.80 WARN
r-release-linux-x86_64 1.0.6 12.29 202.18 214.47 OK
r-release-macos-x86_64 1.0.6 OK
r-release-windows-ix86+x86_64 1.0.6 29.00 283.00 312.00 OK
r-oldrel-macos-x86_64 1.0.6 OK
r-oldrel-windows-ix86+x86_64 1.0.6 18.00 194.00 212.00 OK

Check Details

Version: 1.0.6
Check: package dependencies
Result: NOTE
    Packages suggested but not available for checking: 'av', 'gifski'
Flavor: r-patched-solaris-x86

Version: 1.0.6
Check: re-building of vignette outputs
Result: WARN
    Error(s) in re-building vignettes:
     ...
    --- re-building ‘gganimate.Rmd’ using rmarkdown
    Warning in engine$weave(file, quiet = quiet, encoding = enc) :
     Pandoc (>= 1.12.3) and/or pandoc-citeproc not available. Falling back to R Markdown v1.
    Quitting from lines 253-258 (gganimate.Rmd)
    Error: processing vignette 'gganimate.Rmd' failed with diagnostics:
    The av package is required to use av_renderer
    --- failed re-building ‘gganimate.Rmd’
    
    SUMMARY: processing the following file failed:
     ‘gganimate.Rmd’
    
    Error: Vignette re-building failed.
    Execution halted
Flavor: r-patched-solaris-x86