CRAN Package Check Results for Package gganimate

Last updated on 2021-12-09 07:50:12 CET.

Flavor Version Tinstall Tcheck Ttotal Status Flags
r-devel-linux-x86_64-debian-clang 1.0.7 11.26 239.21 250.47 NOTE
r-devel-linux-x86_64-debian-gcc 1.0.7 9.15 174.08 183.23 NOTE
r-devel-linux-x86_64-fedora-clang 1.0.7 289.10 NOTE
r-devel-linux-x86_64-fedora-gcc 1.0.7 288.53 NOTE
r-devel-windows-x86_64-new-UL 1.0.7 29.00 312.00 341.00 NOTE
r-devel-windows-x86_64-new-TK 1.0.7 NOTE
r-devel-windows-x86_64-old 1.0.7 21.00 251.00 272.00 NOTE
r-patched-linux-x86_64 1.0.7 12.76 204.58 217.34 NOTE
r-release-linux-x86_64 1.0.7 11.67 201.00 212.67 NOTE
r-release-macos-arm64 1.0.7 NOTE
r-release-macos-x86_64 1.0.7 NOTE
r-release-windows-ix86+x86_64 1.0.7 19.00 199.00 218.00 NOTE
r-oldrel-macos-x86_64 1.0.7 OK
r-oldrel-windows-ix86+x86_64 1.0.7 25.00 229.00 254.00 OK

Check Details

Version: 1.0.7
Check: LazyData
Result: NOTE
     'LazyData' is specified without a 'data' directory
Flavors: r-devel-linux-x86_64-debian-clang, r-devel-linux-x86_64-debian-gcc, r-devel-linux-x86_64-fedora-clang, r-devel-linux-x86_64-fedora-gcc, r-devel-windows-x86_64-new-UL, r-devel-windows-x86_64-new-TK, r-devel-windows-x86_64-old, r-patched-linux-x86_64, r-release-linux-x86_64, r-release-macos-arm64, r-release-macos-x86_64, r-release-windows-ix86+x86_64