CRAN Package Check Results for Package gganimate

Last updated on 2020-01-19 08:47:46 CET.

Flavor Version Tinstall Tcheck Ttotal Status Flags
r-devel-linux-x86_64-debian-clang 1.0.4 11.05 240.22 251.27 OK
r-devel-linux-x86_64-debian-gcc 1.0.4 10.00 175.66 185.66 OK
r-devel-linux-x86_64-fedora-clang 1.0.4 284.26 OK
r-devel-linux-x86_64-fedora-gcc 1.0.4 308.08 OK
r-devel-windows-ix86+x86_64 1.0.4 35.00 299.00 334.00 OK
r-devel-windows-ix86+x86_64-gcc8 1.0.4 26.00 303.00 329.00 OK
r-patched-linux-x86_64 1.0.4 9.75 212.71 222.46 OK
r-patched-solaris-x86 1.0.4 399.80 WARN
r-release-linux-x86_64 1.0.4 8.29 212.87 221.16 OK
r-release-windows-ix86+x86_64 1.0.4 30.00 270.00 300.00 OK
r-release-osx-x86_64 1.0.4 OK
r-oldrel-windows-ix86+x86_64 1.0.4 21.00 279.00 300.00 WARN
r-oldrel-osx-x86_64 1.0.4 OK

Check Details

Version: 1.0.4
Check: package dependencies
Result: NOTE
    Packages suggested but not available for checking: 'av', 'gifski'
Flavor: r-patched-solaris-x86

Version: 1.0.4
Check: re-building of vignette outputs
Result: WARN
    Error(s) in re-building vignettes:
     ...
    --- re-building ‘gganimate.Rmd’ using rmarkdown
    Warning in engine$weave(file, quiet = quiet, encoding = enc) :
     Pandoc (>= 1.12.3) and/or pandoc-citeproc not available. Falling back to R Markdown v1.
    Quitting from lines 253-258 (gganimate.Rmd)
    Error: processing vignette 'gganimate.Rmd' failed with diagnostics:
    The av package is required to use av_renderer
    --- failed re-building ‘gganimate.Rmd’
    
    SUMMARY: processing the following file failed:
     ‘gganimate.Rmd’
    
    Error: Vignette re-building failed.
    Execution halted
Flavor: r-patched-solaris-x86

Version: 1.0.4
Check: whether package can be installed
Result: WARN
    Found the following significant warnings:
     Warning: S3 methods '[.fun_list', '[.grouped_df', 'all.equal.tbl_df', 'anti_join.data.frame', 'anti_join.tbl_df', 'arrange.data.frame', 'arrange.default', 'arrange.grouped_df', 'arrange.tbl_df', 'arrange_.data.frame', 'arrange_.tbl_df', 'as.data.frame.grouped_df', 'as.data.frame.rowwise_df', 'as.data.frame.tbl_cube', 'as.table.tbl_cube', 'as.tbl.data.frame', 'as.tbl.tbl', 'as.tbl_cube.array', 'as.tbl_cube.data.frame', 'as.tbl_cube.matrix', 'as.tbl_cube.table', 'as_tibble.grouped_df', 'as_tibble.tbl_cube', 'auto_copy.tbl_cube', 'auto_copy.tbl_df', 'cbind.grouped_df', 'collapse.data.frame', 'collect.data.frame', 'common_by.NULL', 'common_by.character', 'common_by.default', 'common_by.list', 'compute.data.frame', 'copy_to.DBIConnection', 'copy_to.src_local', 'default_missing.data.frame', 'default_missing.default', 'dim.tbl_cube', 'distinct.data.frame', 'distinct.default', 'distinct.grouped_df', 'distinct.tbl_df', 'distinct_.data.frame', 'distinct_.grouped_df', 'distinct_.tbl_df', 'do.NULL', 'do.da [... truncated]
Flavor: r-oldrel-windows-ix86+x86_64