CRAN Package Check Results for Package ggRandomForests

Last updated on 2021-09-24 20:48:46 CEST.

Flavor Version Tinstall Tcheck Ttotal Status Flags
r-devel-linux-x86_64-debian-clang 2.0.1 13.39 112.37 125.76 OK
r-devel-linux-x86_64-debian-gcc 2.0.1 10.00 89.98 99.98 OK
r-devel-linux-x86_64-fedora-clang 2.0.1 154.44 NOTE
r-devel-linux-x86_64-fedora-gcc 2.0.1 139.89 NOTE
r-devel-windows-x86_64 2.0.1 15.00 97.00 112.00 OK
r-devel-windows-x86_64-gcc10-UCRT 2.0.1 NOTE
r-patched-linux-x86_64 2.0.1 12.36 104.06 116.42 OK
r-patched-solaris-x86 2.0.1 192.70 NOTE
r-release-linux-x86_64 2.0.1 11.90 103.93 115.83 OK
r-release-macos-arm64 2.0.1 NOTE
r-release-macos-x86_64 2.0.1 NOTE
r-release-windows-ix86+x86_64 2.0.1 30.00 95.00 125.00 OK
r-oldrel-macos-x86_64 2.0.1 NOTE
r-oldrel-windows-ix86+x86_64 2.0.1 21.00 95.00 116.00 OK

Check Details

Version: 2.0.1
Check: dependencies in R code
Result: NOTE
    Namespace in Imports field not imported from: ‘randomForest’
     All declared Imports should be used.
Flavors: r-devel-linux-x86_64-fedora-clang, r-devel-linux-x86_64-fedora-gcc, r-devel-windows-x86_64-gcc10-UCRT, r-patched-solaris-x86, r-release-macos-arm64, r-release-macos-x86_64, r-oldrel-macos-x86_64