CRAN Package Check Results for Package ggQC

Last updated on 2023-09-21 20:54:46 CEST.

Flavor Version Tinstall Tcheck Ttotal Status Flags
r-devel-linux-x86_64-debian-clang 0.0.31 8.30 97.73 106.03 NOTE
r-devel-linux-x86_64-debian-gcc 0.0.31 5.50 71.13 76.63 NOTE
r-devel-linux-x86_64-fedora-clang 0.0.31 129.58 NOTE
r-devel-linux-x86_64-fedora-gcc 0.0.31 135.14 NOTE
r-devel-windows-x86_64 0.0.31 9.00 108.00 117.00 NOTE
r-patched-linux-x86_64 0.0.31 16.06 90.88 106.94 NOTE
r-release-linux-x86_64 0.0.31 7.70 92.69 100.39 NOTE
r-release-macos-arm64 0.0.31 46.00 NOTE
r-release-macos-x86_64 0.0.31 70.00 NOTE
r-release-windows-x86_64 0.0.31 10.00 125.00 135.00 NOTE
r-oldrel-macos-arm64 0.0.31 40.00 NOTE
r-oldrel-macos-x86_64 0.0.31 76.00 NOTE
r-oldrel-windows-x86_64 0.0.31 10.00 114.00 124.00 NOTE

Check Details

Version: 0.0.31
Check: LazyData
Result: NOTE
     'LazyData' is specified without a 'data' directory
Flavors: r-devel-linux-x86_64-debian-clang, r-devel-linux-x86_64-debian-gcc, r-devel-linux-x86_64-fedora-clang, r-devel-linux-x86_64-fedora-gcc, r-devel-windows-x86_64, r-patched-linux-x86_64, r-release-linux-x86_64, r-release-macos-arm64, r-release-macos-x86_64, r-release-windows-x86_64, r-oldrel-macos-arm64, r-oldrel-macos-x86_64, r-oldrel-windows-x86_64