Last updated on 2023-02-03 07:53:01 CET.
Flavor | Version | Tinstall | Tcheck | Ttotal | Status | Flags |
---|---|---|---|---|---|---|
r-devel-linux-x86_64-debian-clang | 1.0.1 | 6.24 | 209.84 | 216.08 | OK | |
r-devel-linux-x86_64-debian-gcc | 1.0.1 | 6.20 | 146.13 | 152.33 | OK | |
r-devel-linux-x86_64-fedora-clang | 1.0.1 | 243.93 | NOTE | |||
r-devel-linux-x86_64-fedora-gcc | 1.0.1 | 252.11 | OK | |||
r-devel-windows-x86_64 | 1.0.1 | 28.00 | 242.00 | 270.00 | OK | |
r-patched-linux-x86_64 | 1.0.1 | 8.41 | 187.88 | 196.29 | OK | |
r-release-linux-x86_64 | 1.0.1 | 7.13 | 182.64 | 189.77 | OK | |
r-release-macos-arm64 | 1.0.1 | 102.00 | OK | |||
r-release-macos-x86_64 | 1.0.1 | 112.00 | OK | |||
r-release-windows-x86_64 | 1.0.1 | 28.00 | 242.00 | 270.00 | OK | |
r-oldrel-macos-arm64 | 1.0.1 | 92.00 | OK | |||
r-oldrel-macos-x86_64 | 1.0.1 | 111.00 | OK | |||
r-oldrel-windows-ix86+x86_64 | 1.0.1 | 17.00 | 228.00 | 245.00 | OK |
Version: 1.0.1
Check: Rd cross-references
Result: NOTE
Undeclared package ‘rlang’ in Rd xrefs
Flavor: r-devel-linux-x86_64-fedora-clang