Last updated on 2023-03-30 08:53:37 CEST.
Flavor | Version | Tinstall | Tcheck | Ttotal | Status | Flags |
---|---|---|---|---|---|---|
r-devel-linux-x86_64-debian-clang | 1.1 | 15.05 | 125.54 | 140.59 | OK | |
r-devel-linux-x86_64-debian-gcc | 1.1 | 11.69 | 92.57 | 104.26 | OK | |
r-devel-linux-x86_64-fedora-clang | 1.1 | 173.16 | NOTE | |||
r-devel-linux-x86_64-fedora-gcc | 1.1 | 160.98 | NOTE | |||
r-devel-windows-x86_64 | 1.1 | 23.00 | 0.00 | 23.00 | OK | |
r-patched-linux-x86_64 | 1.1 | 15.45 | 116.87 | 132.32 | OK | |
r-release-linux-x86_64 | 1.1 | 11.59 | 118.31 | 129.90 | OK | |
r-release-macos-arm64 | 1.1 | 58.00 | NOTE | |||
r-release-macos-x86_64 | 1.1 | 84.00 | NOTE | |||
r-release-windows-x86_64 | 1.1 | 23.00 | 143.00 | 166.00 | OK | |
r-oldrel-macos-arm64 | 1.1 | 58.00 | NOTE | |||
r-oldrel-macos-x86_64 | 1.1 | 82.00 | NOTE | |||
r-oldrel-windows-ix86+x86_64 | 1.1 | 38.00 | 151.00 | 189.00 | OK |
Version: 1.1
Check: dependencies in R code
Result: NOTE
Namespace in Imports field not imported from: ‘survival’
All declared Imports should be used.
Flavors: r-devel-linux-x86_64-fedora-clang, r-devel-linux-x86_64-fedora-gcc
Version: 1.1
Check: dependencies in R code
Result: NOTE
Namespaces in Imports field not imported from:
‘do’ ‘survival’
All declared Imports should be used.
Flavors: r-release-macos-arm64, r-release-macos-x86_64, r-oldrel-macos-arm64, r-oldrel-macos-x86_64