CRAN Package Check Results for Package ggDCA

Last updated on 2021-09-23 08:51:00 CEST.

Flavor Version Tinstall Tcheck Ttotal Status Flags
r-devel-linux-x86_64-debian-clang 1.1 13.43 116.98 130.41 OK
r-devel-linux-x86_64-debian-gcc 1.1 10.34 87.94 98.28 OK
r-devel-linux-x86_64-fedora-clang 1.1 162.25 NOTE
r-devel-linux-x86_64-fedora-gcc 1.1 149.97 NOTE
r-devel-windows-x86_64 1.1 16.00 97.00 113.00 OK
r-devel-windows-x86_64-gcc10-UCRT 1.1 ERROR
r-patched-linux-x86_64 1.1 13.84 110.90 124.74 OK
r-patched-solaris-x86 1.1 218.10 NOTE
r-release-linux-x86_64 1.1 14.43 111.52 125.95 OK
r-release-macos-arm64 1.1 NOTE
r-release-macos-x86_64 1.1 NOTE
r-release-windows-ix86+x86_64 1.1 35.00 97.00 132.00 OK
r-oldrel-macos-x86_64 1.1 NOTE
r-oldrel-windows-ix86+x86_64 1.1 23.00 103.00 126.00 OK

Check Details

Version: 1.1
Check: dependencies in R code
Result: NOTE
    Namespaces in Imports field not imported from:
     ‘do’ ‘survival’
     All declared Imports should be used.
Flavors: r-devel-linux-x86_64-fedora-clang, r-devel-linux-x86_64-fedora-gcc, r-patched-solaris-x86, r-release-macos-arm64, r-release-macos-x86_64, r-oldrel-macos-x86_64

Version: 1.1
Check: package dependencies
Result: ERROR
    Packages required but not available: 'do', 'set', 'rms', 'base.rms'
    
    See section 'The DESCRIPTION file' in the 'Writing R Extensions'
    manual.
Flavor: r-devel-windows-x86_64-gcc10-UCRT