Last updated on 2022-08-07 09:53:59 CEST.
Flavor | Version | Tinstall | Tcheck | Ttotal | Status | Flags |
---|---|---|---|---|---|---|
r-devel-linux-x86_64-debian-clang | 2.0.5 | 137.84 | 247.77 | 385.61 | OK | |
r-devel-linux-x86_64-debian-gcc | 2.0.5 | 89.03 | 178.90 | 267.93 | OK | |
r-devel-linux-x86_64-fedora-clang | 2.0.5 | 486.87 | OK | |||
r-devel-linux-x86_64-fedora-gcc | 2.0.5 | 456.13 | OK | |||
r-devel-windows-x86_64 | 2.0.5 | 67.00 | 284.00 | 351.00 | OK | |
r-patched-linux-x86_64 | 2.0.5 | 72.02 | 231.83 | 303.85 | OK | |
r-release-linux-x86_64 | 2.0.5 | 70.00 | 230.43 | 300.43 | OK | |
r-release-macos-arm64 | 2.0.5 | 149.00 | NOTE | |||
r-release-macos-x86_64 | 2.0.5 | 190.00 | NOTE | |||
r-release-windows-x86_64 | 2.0.5 | 66.00 | 287.00 | 353.00 | OK | |
r-oldrel-macos-arm64 | 2.0.5 | 145.00 | NOTE | |||
r-oldrel-macos-x86_64 | 2.0.5 | 190.00 | NOTE | |||
r-oldrel-windows-ix86+x86_64 | 2.0.5 | 205.00 | 296.00 | 501.00 | OK |
Version: 2.0.5
Check: installed package size
Result: NOTE
installed size is 35.0Mb
sub-directories of 1Mb or more:
libs 34.4Mb
Flavors: r-release-macos-arm64, r-release-macos-x86_64, r-oldrel-macos-arm64, r-oldrel-macos-x86_64