CRAN Package Check Results for Package gfilmm

Last updated on 2021-12-05 07:49:11 CET.

Flavor Version Tinstall Tcheck Ttotal Status Flags
r-devel-linux-x86_64-debian-clang 2.0.4 107.13 252.71 359.84 OK
r-devel-linux-x86_64-debian-gcc 2.0.4 81.98 177.57 259.55 OK
r-devel-linux-x86_64-fedora-clang 2.0.4 455.79 NOTE
r-devel-linux-x86_64-fedora-gcc 2.0.4 422.49 OK
r-devel-windows-x86_64-new-UL 2.0.4 99.00 327.00 426.00 OK
r-devel-windows-x86_64-new-TK 2.0.4 OK
r-devel-windows-x86_64-old 2.0.4 110.00 197.00 307.00 OK
r-patched-linux-x86_64 2.0.4 91.52 210.11 301.63 OK
r-release-linux-x86_64 2.0.4 81.77 223.60 305.37 OK
r-release-macos-arm64 2.0.4 NOTE
r-release-macos-x86_64 2.0.4 NOTE
r-release-windows-ix86+x86_64 2.0.4 206.00 294.00 500.00 OK
r-oldrel-macos-x86_64 2.0.4 NOTE
r-oldrel-windows-ix86+x86_64 2.0.4 205.00 289.00 494.00 OK

Check Details

Version: 2.0.4
Check: installed package size
Result: NOTE
     installed size is 32.4Mb
     sub-directories of 1Mb or more:
     libs 31.7Mb
Flavors: r-devel-linux-x86_64-fedora-clang, r-release-macos-arm64, r-release-macos-x86_64, r-oldrel-macos-x86_64