CRAN Package Check Results for Package gfer

Last updated on 2021-09-20 20:48:40 CEST.

Flavor Version Tinstall Tcheck Ttotal Status Flags
r-devel-linux-x86_64-debian-clang 0.1.11 7.65 74.59 82.24 OK
r-devel-linux-x86_64-debian-gcc 0.1.11 5.77 55.83 61.60 OK
r-devel-linux-x86_64-fedora-clang 0.1.11 103.71 NOTE
r-devel-linux-x86_64-fedora-gcc 0.1.11 92.20 NOTE
r-devel-windows-x86_64 0.1.11 11.00 75.00 86.00 OK
r-devel-windows-x86_64-gcc10-UCRT 0.1.11 ERROR
r-patched-linux-x86_64 0.1.11 8.58 69.00 77.58 OK
r-patched-solaris-x86 0.1.11 142.70 NOTE
r-release-linux-x86_64 0.1.11 5.88 69.43 75.31 OK
r-release-macos-arm64 0.1.11 NOTE
r-release-macos-x86_64 0.1.11 NOTE
r-release-windows-ix86+x86_64 0.1.11 22.00 79.00 101.00 OK
r-oldrel-macos-x86_64 0.1.11 NOTE
r-oldrel-windows-ix86+x86_64 0.1.11 23.00 93.00 116.00 OK

Check Details

Version: 0.1.11
Check: dependencies in R code
Result: NOTE
    Namespace in Imports field not imported from: ‘tidyr’
     All declared Imports should be used.
Flavors: r-devel-linux-x86_64-fedora-clang, r-devel-linux-x86_64-fedora-gcc, r-devel-windows-x86_64-gcc10-UCRT, r-patched-solaris-x86, r-release-macos-arm64, r-release-macos-x86_64, r-oldrel-macos-x86_64

Version: 0.1.11
Check: whether package can be installed
Result: WARN
    Found the following significant warnings:
     WARNING: installation-time patches will not be applied, could not get the patches index
Flavor: r-devel-windows-x86_64-gcc10-UCRT

Version: 0.1.11
Check: PDF version of manual
Result: WARN
    LaTeX errors when creating PDF version.
    This typically indicates Rd problems.
Flavor: r-devel-windows-x86_64-gcc10-UCRT

Version: 0.1.11
Check: PDF version of manual without hyperrefs or index
Result: ERROR
    Re-running with no redirection of stdout/stderr.
Flavor: r-devel-windows-x86_64-gcc10-UCRT