CRAN Package Check Results for Package getLattes

Last updated on 2024-02-27 19:54:38 CET.

Flavor Version Tinstall Tcheck Ttotal Status Flags
r-devel-linux-x86_64-debian-clang 0.2.0 6.74 92.03 98.77 OK
r-devel-linux-x86_64-debian-gcc 0.2.0 6.17 69.47 75.64 OK
r-devel-linux-x86_64-fedora-clang 0.2.0 121.26 NOTE
r-devel-linux-x86_64-fedora-gcc 0.2.0 126.17 NOTE
r-devel-windows-x86_64 0.2.0 8.00 90.00 98.00 OK
r-patched-linux-x86_64 0.2.0 7.35 88.85 96.20 OK
r-release-linux-x86_64 0.2.0 6.37 89.03 95.40 OK
r-release-macos-arm64 0.2.0 49.00 OK
r-release-macos-x86_64 0.2.0 71.00 OK
r-release-windows-x86_64 0.2.0 10.00 105.00 115.00 OK
r-oldrel-macos-arm64 0.2.0 34.00 NOTE
r-oldrel-windows-x86_64 0.2.0 10.00 107.00 117.00 OK

Check Details

Version: 0.2.0
Check: dependencies in R code
Result: NOTE Namespaces in Imports field not imported from: ‘pipeR’ ‘rlang’ All declared Imports should be used. Flavors: r-devel-linux-x86_64-fedora-clang, r-devel-linux-x86_64-fedora-gcc, r-oldrel-macos-arm64