CRAN Package Check Results for Package gestate

Last updated on 2021-09-27 08:49:36 CEST.

Flavor Version Tinstall Tcheck Ttotal Status Flags
r-devel-linux-x86_64-debian-clang 1.4.0 13.68 182.53 196.21 NOTE
r-devel-linux-x86_64-debian-gcc 1.4.0 11.27 129.92 141.19 NOTE
r-devel-linux-x86_64-fedora-clang 1.4.0 235.49 NOTE
r-devel-linux-x86_64-fedora-gcc 1.4.0 225.31 NOTE
r-devel-windows-x86_64 1.4.0 18.00 173.00 191.00 NOTE
r-devel-windows-x86_64-gcc10-UCRT 1.4.0 NOTE
r-patched-linux-x86_64 1.4.0 15.13 175.60 190.73 NOTE
r-patched-solaris-x86 1.4.0 298.80 NOTE
r-release-linux-x86_64 1.4.0 13.51 174.66 188.17 NOTE
r-release-macos-arm64 1.4.0 NOTE
r-release-macos-x86_64 1.4.0 NOTE
r-release-windows-ix86+x86_64 1.4.0 30.00 170.00 200.00 NOTE
r-oldrel-macos-x86_64 1.4.0 OK
r-oldrel-windows-ix86+x86_64 1.4.0 25.00 176.00 201.00 OK

Check Details

Version: 1.4.0
Check: LazyData
Result: NOTE
     'LazyData' is specified without a 'data' directory
Flavors: r-devel-linux-x86_64-debian-clang, r-devel-linux-x86_64-debian-gcc, r-devel-linux-x86_64-fedora-clang, r-devel-linux-x86_64-fedora-gcc, r-devel-windows-x86_64, r-devel-windows-x86_64-gcc10-UCRT, r-patched-linux-x86_64, r-patched-solaris-x86, r-release-linux-x86_64, r-release-macos-arm64, r-release-macos-x86_64, r-release-windows-ix86+x86_64