CRAN Package Check Results for Package gert

Last updated on 2022-01-22 07:52:44 CET.

Flavor Version Tinstall Tcheck Ttotal Status Flags
r-devel-linux-x86_64-debian-clang 1.5.0 8.50 49.70 58.20 OK
r-devel-linux-x86_64-debian-gcc 1.5.0 5.79 37.42 43.21 OK
r-devel-linux-x86_64-fedora-clang 1.5.0 65.76 OK
r-devel-linux-x86_64-fedora-gcc 1.5.0 53.22 OK
r-devel-windows-x86_64-new-UL 1.5.0 206.00 122.00 328.00 OK
r-devel-windows-x86_64-new-TK 1.5.0 OK
r-patched-linux-x86_64 1.5.0 7.94 46.10 54.04 OK
r-release-linux-x86_64 1.5.0 8.02 47.39 55.41 OK
r-release-macos-arm64 1.5.0 OK
r-release-macos-x86_64 1.5.0 OK
r-release-windows-ix86+x86_64 1.5.0 34.00 117.00 151.00 NOTE
r-oldrel-macos-x86_64 1.4.3 OK
r-oldrel-windows-ix86+x86_64 1.5.0 32.00 119.00 151.00 NOTE

Check Details

Version: 1.5.0
Check: installed package size
Result: NOTE
     installed size is 7.6Mb
     sub-directories of 1Mb or more:
     libs 7.4Mb
Flavors: r-release-windows-ix86+x86_64, r-oldrel-windows-ix86+x86_64