CRAN Package Check Results for Package geospt

Last updated on 2021-01-26 07:50:16 CET.

Flavor Version Tinstall Tcheck Ttotal Status Flags
r-devel-linux-x86_64-debian-clang 1.0-2 8.57 102.83 111.40 OK
r-devel-linux-x86_64-debian-gcc 1.0-2 7.47 76.36 83.83 OK
r-devel-linux-x86_64-fedora-clang 1.0-2 143.81 NOTE
r-devel-linux-x86_64-fedora-gcc 1.0-2 137.22 OK
r-devel-windows-ix86+x86_64 1.0-2 19.00 110.00 129.00 OK
r-patched-linux-x86_64 1.0-2 9.59 94.59 104.18 OK
r-patched-solaris-x86 1.0-2 178.10 OK
r-release-linux-x86_64 1.0-2 7.92 96.12 104.04 OK
r-release-macos-x86_64 1.0-2 OK
r-release-windows-ix86+x86_64 1.0-2 20.00 90.00 110.00 OK
r-oldrel-macos-x86_64 1.0-2 OK
r-oldrel-windows-ix86+x86_64 1.0-2 15.00 120.00 135.00 OK

Check Details

Version: 1.0-2
Check: Rd cross-references
Result: NOTE
    Undeclared package ‘nloptr’ in Rd xrefs
Flavor: r-devel-linux-x86_64-fedora-clang