CRAN Package Check Results for Package geonames

Last updated on 2021-09-21 08:49:44 CEST.

Flavor Version Tinstall Tcheck Ttotal Status Flags
r-devel-linux-x86_64-debian-clang 0.999 2.38 22.21 24.59 OK
r-devel-linux-x86_64-debian-gcc 0.999 1.83 17.73 19.56 OK
r-devel-linux-x86_64-fedora-clang 0.999 39.01 OK
r-devel-linux-x86_64-fedora-gcc 0.999 27.75 OK
r-devel-windows-x86_64 0.999 4.00 29.00 33.00 OK
r-devel-windows-x86_64-gcc10-UCRT 0.999 ERROR
r-patched-linux-x86_64 0.999 2.24 21.80 24.04 OK
r-patched-solaris-x86 0.999 43.70 OK
r-release-linux-x86_64 0.999 2.17 21.70 23.87 OK
r-release-macos-arm64 0.999 OK
r-release-macos-x86_64 0.999 OK
r-release-windows-ix86+x86_64 0.999 5.00 27.00 32.00 OK
r-oldrel-macos-x86_64 0.999 OK
r-oldrel-windows-ix86+x86_64 0.999 5.00 27.00 32.00 OK

Check Details

Version: 0.999
Check: whether package can be installed
Result: WARN
    Found the following significant warnings:
     WARNING: installation-time patches will not be applied, could not get the patches index
Flavor: r-devel-windows-x86_64-gcc10-UCRT

Version: 0.999
Check: PDF version of manual
Result: WARN
    LaTeX errors when creating PDF version.
    This typically indicates Rd problems.
Flavor: r-devel-windows-x86_64-gcc10-UCRT

Version: 0.999
Check: PDF version of manual without hyperrefs or index
Result: ERROR
    Re-running with no redirection of stdout/stderr.
Flavor: r-devel-windows-x86_64-gcc10-UCRT