CRAN Package Check Results for Package geomultistar

Last updated on 2021-01-26 07:50:16 CET.

Flavor Version Tinstall Tcheck Ttotal Status Flags
r-devel-linux-x86_64-debian-clang 1.1.0 3.00 52.64 55.64 OK
r-devel-linux-x86_64-debian-gcc 1.1.0 2.75 41.01 43.76 OK
r-devel-linux-x86_64-fedora-clang 1.1.0 79.08 NOTE
r-devel-linux-x86_64-fedora-gcc 1.1.0 71.14 NOTE
r-devel-windows-ix86+x86_64 1.1.0 9.00 66.00 75.00 OK
r-patched-linux-x86_64 1.1.0 2.95 50.99 53.94 OK
r-patched-solaris-x86 1.1.0 105.80 NOTE
r-release-linux-x86_64 1.1.0 2.97 52.66 55.63 OK
r-release-macos-x86_64 1.1.0 NOTE
r-release-windows-ix86+x86_64 1.1.0 9.00 57.00 66.00 OK
r-oldrel-macos-x86_64 1.1.0 NOTE
r-oldrel-windows-ix86+x86_64 1.1.0 5.00 75.00 80.00 OK

Check Details

Version: 1.1.0
Check: dependencies in R code
Result: NOTE
    Namespaces in Imports field not imported from:
     ‘pander’ ‘rgdal’ ‘snakecase’ ‘stringr’
     All declared Imports should be used.
Flavors: r-devel-linux-x86_64-fedora-clang, r-devel-linux-x86_64-fedora-gcc, r-patched-solaris-x86, r-release-macos-x86_64, r-oldrel-macos-x86_64