CRAN Package Check Results for Package geometry

Last updated on 2022-08-19 09:52:14 CEST.

Flavor Version Tinstall Tcheck Ttotal Status Flags
r-devel-linux-x86_64-debian-clang 0.4.6.1 42.59 60.83 103.42 NOTE
r-devel-linux-x86_64-debian-gcc 0.4.6.1 32.55 48.25 80.80 OK
r-devel-linux-x86_64-fedora-clang 0.4.6.1 146.63 OK
r-devel-linux-x86_64-fedora-gcc 0.4.6.1 138.92 OK
r-devel-windows-x86_64 0.4.6.1 113.00 128.00 241.00 NOTE
r-patched-linux-x86_64 0.4.6.1 35.49 57.07 92.56 OK
r-release-linux-x86_64 0.4.6.1 OK
r-release-macos-arm64 0.4.6.1 39.00 OK
r-release-macos-x86_64 0.4.6.1 58.00 OK
r-release-windows-x86_64 0.4.6.1 103.00 124.00 227.00 OK
r-oldrel-macos-arm64 0.4.6.1 35.00 OK
r-oldrel-macos-x86_64 0.4.6.1 53.00 OK
r-oldrel-windows-ix86+x86_64 0.4.6.1 107.00 130.00 237.00 OK

Check Details

Version: 0.4.6.1
Check: HTML version of manual
Result: NOTE
    Found the following HTML validation problems:
    extprod3d.html:24:32: Warning: trimming empty <code>
    extprod3d.html:29:32: Warning: trimming empty <code>
Flavor: r-devel-linux-x86_64-debian-clang

Version: 0.4.6.1
Check: HTML version of manual
Result: NOTE
    Found the following HTML validation problems:
    extprod3d.html:24:32: Warning: trimming empty <code>
    
    
    extprod3d.html:29:32: Warning: trimming empty <code>
Flavor: r-devel-windows-x86_64