CRAN Package Check Results for Package geometries

Last updated on 2021-09-23 20:52:16 CEST.

Flavor Version Tinstall Tcheck Ttotal Status Flags
r-devel-linux-x86_64-debian-clang 0.2.0 112.93 30.41 143.34 NOTE
r-devel-linux-x86_64-debian-gcc 0.2.0 71.86 24.20 96.06 NOTE
r-devel-linux-x86_64-fedora-clang 0.2.0 211.54 NOTE
r-devel-linux-x86_64-fedora-gcc 0.2.0 183.98 NOTE
r-devel-windows-x86_64 0.2.0 103.00 46.00 149.00 NOTE
r-devel-windows-x86_64-gcc10-UCRT 0.2.0 NOTE
r-patched-linux-x86_64 0.2.0 87.72 29.77 117.49 NOTE
r-patched-solaris-x86 0.2.0 164.20 NOTE
r-release-linux-x86_64 0.2.0 89.77 29.51 119.28 NOTE
r-release-macos-arm64 0.2.0 NOTE
r-release-macos-x86_64 0.2.0 NOTE
r-release-windows-ix86+x86_64 0.2.0 241.00 55.00 296.00 NOTE
r-oldrel-macos-x86_64 0.2.0 OK
r-oldrel-windows-ix86+x86_64 0.2.0 229.00 63.00 292.00 OK

Check Details

Version: 0.2.0
Check: LazyData
Result: NOTE
     'LazyData' is specified without a 'data' directory
Flavors: r-devel-linux-x86_64-debian-clang, r-devel-linux-x86_64-debian-gcc, r-devel-linux-x86_64-fedora-clang, r-devel-linux-x86_64-fedora-gcc, r-devel-windows-x86_64, r-devel-windows-x86_64-gcc10-UCRT, r-patched-linux-x86_64, r-patched-solaris-x86, r-release-linux-x86_64, r-release-macos-arm64, r-release-macos-x86_64, r-release-windows-ix86+x86_64

Version: 0.2.0
Check: installed package size
Result: NOTE
     installed size is 5.8Mb
     sub-directories of 1Mb or more:
     libs 5.3Mb
Flavors: r-devel-linux-x86_64-fedora-clang, r-release-macos-arm64