CRAN Package Check Results for Package geoelectrics

Last updated on 2021-09-22 08:50:09 CEST.

Flavor Version Tinstall Tcheck Ttotal Status Flags
r-devel-linux-x86_64-debian-clang 0.2.0 9.98 101.16 111.14 OK
r-devel-linux-x86_64-debian-gcc 0.2.0 7.22 75.69 82.91 OK
r-devel-linux-x86_64-fedora-clang 0.2.0 140.32 OK
r-devel-linux-x86_64-fedora-gcc 0.2.0 125.98 OK
r-devel-windows-x86_64 0.2.0 13.00 89.00 102.00 OK
r-devel-windows-x86_64-gcc10-UCRT 0.2.0 ERROR
r-patched-linux-x86_64 0.2.0 9.43 95.16 104.59 OK
r-patched-solaris-x86 0.2.0 171.10 OK
r-release-linux-x86_64 0.2.0 8.12 95.27 103.39 OK
r-release-macos-arm64 0.2.0 OK
r-release-macos-x86_64 0.2.0 OK
r-release-windows-ix86+x86_64 0.2.0 24.00 87.00 111.00 OK
r-oldrel-macos-x86_64 0.2.0 OK
r-oldrel-windows-ix86+x86_64 0.2.0 19.00 92.00 111.00 OK

Check Details

Version: 0.2.0
Check: package dependencies
Result: ERROR
    Package required but not available: 'rgl'
    
    See section 'The DESCRIPTION file' in the 'Writing R Extensions'
    manual.
Flavor: r-devel-windows-x86_64-gcc10-UCRT