Last updated on 2023-01-26 19:49:28 CET.
Flavor | Version | Tinstall | Tcheck | Ttotal | Status | Flags |
---|---|---|---|---|---|---|
r-devel-linux-x86_64-debian-clang | 1.0.5 | 62.73 | 796.42 | 859.15 | OK | |
r-devel-linux-x86_64-debian-gcc | 1.0.5 | 45.76 | 556.88 | 602.64 | OK | |
r-devel-linux-x86_64-fedora-clang | 1.0.5 | 1112.71 | NOTE | |||
r-devel-linux-x86_64-fedora-gcc | 1.0.5 | 1104.47 | NOTE | |||
r-devel-windows-x86_64 | 1.0.5 | 95.00 | 880.00 | 975.00 | OK | |
r-patched-linux-x86_64 | 1.0.5 | 55.75 | 739.92 | 795.67 | OK | |
r-release-linux-x86_64 | 1.0.5 | 57.67 | 743.07 | 800.74 | OK | |
r-release-macos-arm64 | 1.0.5 | 400.00 | NOTE | |||
r-release-macos-x86_64 | 1.0.5 | 538.00 | NOTE | |||
r-release-windows-x86_64 | 1.0.5 | 72.00 | 835.00 | 907.00 | OK | |
r-oldrel-macos-arm64 | 1.0.5 | 405.00 | NOTE | |||
r-oldrel-macos-x86_64 | 1.0.5 | 519.00 | NOTE | |||
r-oldrel-windows-ix86+x86_64 | 1.0.5 | 143.00 | 1094.00 | 1237.00 | OK |
Version: 1.0.5
Check: dependencies in R code
Result: NOTE
Namespaces in Imports field not imported from:
‘phonTools’ ‘rgdal’ ‘rgeos’
All declared Imports should be used.
Flavors: r-devel-linux-x86_64-fedora-clang, r-devel-linux-x86_64-fedora-gcc, r-release-macos-arm64, r-release-macos-x86_64, r-oldrel-macos-arm64, r-oldrel-macos-x86_64
Version: 1.0.5
Check: C++ specification
Result: NOTE
Specified C++11: please update to current default of C++17
Flavor: r-devel-linux-x86_64-fedora-gcc