CRAN Package Check Results for Package geoFKF

Last updated on 2021-09-23 08:51:00 CEST.

Flavor Version Tinstall Tcheck Ttotal Status Flags
r-devel-linux-x86_64-debian-clang 0.1.0 29.83 59.37 89.20 OK
r-devel-linux-x86_64-debian-gcc 0.1.0 21.28 44.90 66.18 OK
r-devel-linux-x86_64-fedora-clang 0.1.0 118.95 OK
r-devel-linux-x86_64-fedora-gcc 0.1.0 101.52 OK
r-devel-windows-x86_64 0.1.0 34.00 59.00 93.00 OK
r-devel-windows-x86_64-gcc10-UCRT 0.1.0 ERROR
r-patched-linux-x86_64 0.1.0 24.37 52.82 77.19 OK
r-patched-solaris-x86 0.1.0 109.30 OK
r-release-linux-x86_64 0.1.0 27.73 56.12 83.85 OK
r-release-macos-arm64 0.1.0 OK
r-release-macos-x86_64 0.1.0 OK
r-release-windows-ix86+x86_64 0.1.0 77.00 84.00 161.00 OK
r-oldrel-macos-x86_64 0.1.0 OK
r-oldrel-windows-ix86+x86_64 0.1.0 55.00 81.00 136.00 OK

Check Details

Version: 0.1.0
Check: whether package can be installed
Result: ERROR
    Installation failed.
Flavor: r-devel-windows-x86_64-gcc10-UCRT