CRAN Package Check Results for Package genius

Last updated on 2019-08-25 10:46:19 CEST.

Flavor Version Tinstall Tcheck Ttotal Status Flags
r-devel-linux-x86_64-debian-clang 2.2.0 8.63 67.80 76.43 OK
r-devel-linux-x86_64-debian-gcc 2.2.0 7.37 52.35 59.72 OK
r-devel-linux-x86_64-fedora-clang 2.2.0 91.04 OK
r-devel-linux-x86_64-fedora-gcc 2.2.0 91.77 OK
r-devel-windows-ix86+x86_64 2.2.0 18.00 87.00 105.00 WARN
r-patched-linux-x86_64 2.2.0 7.44 63.64 71.08 OK
r-patched-solaris-x86 2.2.0 145.20 OK
r-release-linux-x86_64 2.2.0 8.08 63.09 71.17 OK
r-release-windows-ix86+x86_64 2.2.0 27.00 116.00 143.00 OK
r-release-osx-x86_64 2.2.0 OK
r-oldrel-windows-ix86+x86_64 2.2.0 15.00 109.00 124.00 OK
r-oldrel-osx-x86_64 2.2.0 OK

Check Details

Version: 2.2.0
Check: R files for syntax errors
Result: WARN
    Warnings in file 'R/utils.R':
     unable to translate '<U+00E9>' to native encoding
     unable to translate '<U+00F6>' to native encoding
     unable to translate '<U+00F8>' to native encoding
     unable to translate '<U+2019>' to native encoding
Flavor: r-devel-windows-ix86+x86_64