CRAN Package Check Results for Package genius

Last updated on 2020-01-23 09:52:01 CET.

Flavor Version Tinstall Tcheck Ttotal Status Flags
r-devel-linux-x86_64-debian-clang 2.2.0 11.00 72.24 83.24 OK
r-devel-linux-x86_64-debian-gcc 2.2.0 8.34 56.96 65.30 OK
r-devel-linux-x86_64-fedora-clang 2.2.0 97.88 OK
r-devel-linux-x86_64-fedora-gcc 2.2.0 94.01 OK
r-devel-windows-ix86+x86_64 2.2.0 22.00 115.00 137.00 WARN
r-devel-windows-ix86+x86_64-gcc8 2.2.0 36.00 101.00 137.00 WARN
r-patched-linux-x86_64 2.2.0 7.50 64.48 71.98 OK
r-patched-solaris-x86 2.2.0 143.80 OK
r-release-linux-x86_64 2.2.0 7.51 63.78 71.29 OK
r-release-windows-ix86+x86_64 2.2.0 20.00 90.00 110.00 OK
r-release-osx-x86_64 2.2.0 OK
r-oldrel-windows-ix86+x86_64 2.2.0 9.00 87.00 96.00 OK
r-oldrel-osx-x86_64 2.2.0 OK

Check Details

Version: 2.2.0
Check: R files for syntax errors
Result: WARN
    Warnings in file 'R/utils.R':
     unable to translate '<U+00E9>' to native encoding
     unable to translate '<U+00F6>' to native encoding
     unable to translate '<U+00F8>' to native encoding
     unable to translate '<U+2019>' to native encoding
Flavors: r-devel-windows-ix86+x86_64, r-devel-windows-ix86+x86_64-gcc8