CRAN Package Check Results for Package geneExpressionFromGEO

Last updated on 2024-02-23 19:48:47 CET.

Flavor Version Tinstall Tcheck Ttotal Status Flags
r-devel-linux-x86_64-debian-clang 0.9 OK
r-devel-linux-x86_64-debian-gcc 0.9 1.99 27.43 29.42 OK
r-devel-linux-x86_64-fedora-clang 0.9 48.60 NOTE
r-devel-linux-x86_64-fedora-gcc 0.9 57.08 NOTE
r-devel-windows-x86_64 0.9 3.00 114.00 117.00 OK
r-patched-linux-x86_64 0.9 1.65 35.47 37.12 OK
r-release-linux-x86_64 0.9 1.55 35.01 36.56 OK
r-release-macos-arm64 0.9 8.00 ERROR
r-release-macos-x86_64 0.9 43.00 OK
r-release-windows-x86_64 0.9 4.00 577.00 581.00 OK
r-oldrel-macos-arm64 0.9 29.00 NOTE
r-oldrel-windows-x86_64 0.9 4.00 661.00 665.00 OK

Check Details

Version: 0.9
Check: dependencies in R code
Result: NOTE Namespaces in Imports field not imported from: ‘BiocManager’ ‘R.utils’ ‘markdown’ All declared Imports should be used. Flavors: r-devel-linux-x86_64-fedora-clang, r-devel-linux-x86_64-fedora-gcc, r-oldrel-macos-arm64

Version: 0.9
Check: package dependencies
Result: ERROR Package required but not available: ‘GEOquery’ See section ‘The DESCRIPTION file’ in the ‘Writing R Extensions’ manual. Flavor: r-release-macos-arm64