CRAN Package Check Results for Package genderBR

Last updated on 2024-03-02 19:50:18 CET.

Flavor Version Tinstall Tcheck Ttotal Status Flags
r-devel-linux-x86_64-debian-clang 1.1.2 2.74 33.39 36.13 OK
r-devel-linux-x86_64-debian-gcc 1.1.2 2.84 25.85 28.69 OK
r-devel-linux-x86_64-fedora-clang 1.1.2 45.35 NOTE
r-devel-linux-x86_64-fedora-gcc 1.1.2 43.85 NOTE
r-devel-windows-x86_64 1.1.2 4.00 46.00 50.00 OK
r-patched-linux-x86_64 1.1.2 3.70 32.47 36.17 OK
r-release-linux-x86_64 1.1.2 3.58 32.75 36.33 OK
r-release-macos-arm64 1.1.2 20.00 OK
r-release-macos-x86_64 1.1.2 26.00 OK
r-release-windows-x86_64 1.1.2 6.00 50.00 56.00 OK
r-oldrel-macos-arm64 1.1.2 19.00 NOTE
r-oldrel-windows-x86_64 1.1.2 6.00 52.00 58.00 OK

Check Details

Version: 1.1.2
Check: dependencies in R code
Result: NOTE Namespace in Imports field not imported from: ‘purrr’ All declared Imports should be used. Flavors: r-devel-linux-x86_64-fedora-clang, r-devel-linux-x86_64-fedora-gcc, r-oldrel-macos-arm64