CRAN Package Check Results for Package genBaRcode

Last updated on 2019-08-25 10:46:19 CEST.

Flavor Version Tinstall Tcheck Ttotal Status Flags
r-devel-linux-x86_64-debian-clang 1.2.0 5.69 50.32 56.01 OK
r-devel-linux-x86_64-debian-gcc 1.2.0 5.35 40.01 45.36 OK
r-devel-linux-x86_64-fedora-clang 1.2.0 69.67 OK
r-devel-linux-x86_64-fedora-gcc 1.2.0 66.69 OK
r-devel-windows-ix86+x86_64 1.2.0 11.00 85.00 96.00 OK
r-patched-linux-x86_64 1.2.0 5.15 49.64 54.79 OK
r-patched-solaris-x86 1.2.0 97.60 OK
r-release-linux-x86_64 1.2.0 4.94 50.50 55.44 OK
r-release-windows-ix86+x86_64 1.2.0 16.00 82.00 98.00 OK
r-release-osx-x86_64 1.2.0 ERROR
r-oldrel-windows-ix86+x86_64 1.2.0 14.00 81.00 95.00 OK
r-oldrel-osx-x86_64 1.2.0 ERROR

Check Details

Version: 1.2.0
Check: package dependencies
Result: ERROR
    Packages required but not available:
     'Biostrings', 'ShortRead', 'S4Vectors', 'ggtree'
    
    See section ‘The DESCRIPTION file’ in the ‘Writing R Extensions’
    manual.
Flavor: r-release-osx-x86_64

Version: 1.2.0
Check: package dependencies
Result: ERROR
    Package required but not available: ‘ShortRead’
    
    See section ‘The DESCRIPTION file’ in the ‘Writing R Extensions’
    manual.
Flavor: r-oldrel-osx-x86_64