CRAN Package Check Results for Package genBaRcode

Last updated on 2021-12-04 07:50:21 CET.

Flavor Version Tinstall Tcheck Ttotal Status Flags
r-devel-linux-x86_64-debian-clang 1.2.4 8.84 288.29 297.13 OK
r-devel-linux-x86_64-debian-gcc 1.2.4 6.74 249.12 255.86 OK
r-devel-linux-x86_64-fedora-clang 1.2.4 372.73 NOTE
r-devel-linux-x86_64-fedora-gcc 1.2.4 364.68 OK
r-devel-windows-x86_64-new-UL 1.2.4 24.00 469.00 493.00 OK
r-devel-windows-x86_64-new-TK 1.2.4 OK
r-devel-windows-x86_64-old 1.2.4 19.00 263.00 282.00 OK
r-patched-linux-x86_64 1.2.4 10.70 292.88 303.58 OK
r-release-linux-x86_64 1.2.4 7.85 286.95 294.80 OK
r-release-macos-arm64 1.2.4 OK
r-release-macos-x86_64 1.2.4 OK
r-release-windows-ix86+x86_64 1.2.4 22.00 347.00 369.00 OK
r-oldrel-macos-x86_64 1.2.4 ERROR
r-oldrel-windows-ix86+x86_64 1.2.4 22.00 312.00 334.00 ERROR

Check Details

Version: 1.2.4
Check: package dependencies
Result: NOTE
    Imports includes 22 non-default packages.
    Importing from so many packages makes the package vulnerable to any of
    them becoming unavailable. Move as many as possible to Suggests and
    use conditionally.
Flavor: r-devel-linux-x86_64-fedora-clang

Version: 1.2.4
Check: package dependencies
Result: ERROR
    Package required but not available: ‘ggtree’
    
    See section ‘The DESCRIPTION file’ in the ‘Writing R Extensions’
    manual.
Flavor: r-oldrel-macos-x86_64

Version: 1.2.4
Check: examples
Result: ERROR
    Running examples in 'genBaRcode-Ex.R' failed
    The error most likely occurred in:
    
    > ### Name: plotClusterGgTree
    > ### Title: Plotting a Cluster ggTree
    > ### Aliases: plotClusterGgTree
    >
    > ### ** Examples
    >
    > data(BC_dat)
    > plotClusterGgTree(BC_dat, tree_est = "UPGMA", type = "circular")
    Error: object 'get_aes_var' is not exported by 'namespace:rvcheck'
    Execution halted
Flavor: r-oldrel-windows-ix86+x86_64

Version: 1.2.4
Check: re-building of vignette outputs
Result: WARN
    Error(s) in re-building vignettes:
    --- re-building 'genBaRcode_GUI_Vignette.Rmd' using rmarkdown
    --- finished re-building 'genBaRcode_GUI_Vignette.Rmd'
    
    --- re-building 'genBaRcode_Vignette.Rmd' using rmarkdown
    Quitting from lines 692-696 (genBaRcode_Vignette.Rmd)
    Error: processing vignette 'genBaRcode_Vignette.Rmd' failed with diagnostics:
    object 'get_aes_var' is not exported by 'namespace:rvcheck'
    --- failed re-building 'genBaRcode_Vignette.Rmd'
    
    SUMMARY: processing the following file failed:
     'genBaRcode_Vignette.Rmd'
    
    Error: Vignette re-building failed.
    Execution halted
Flavor: r-oldrel-windows-ix86+x86_64